CRAN Package Check Results for Package superdiag

Last updated on 2025-11-23 20:49:04 CET.

Flavor Version Tinstall Tcheck Ttotal Status Flags
r-devel-linux-x86_64-debian-clang 2.0 2.91 23.64 26.55 NOTE
r-devel-linux-x86_64-debian-gcc 2.0 2.38 18.42 20.80 NOTE
r-devel-linux-x86_64-fedora-clang 2.0 39.36 OK
r-devel-linux-x86_64-fedora-gcc 2.0 36.12 OK
r-devel-windows-x86_64 2.0 6.00 41.00 47.00 OK
r-patched-linux-x86_64 2.0 2.58 22.11 24.69 OK
r-release-linux-x86_64 2.0 2.88 22.12 25.00 OK
r-release-macos-arm64 2.0 OK
r-release-macos-x86_64 2.0 3.00 25.00 28.00 OK
r-release-windows-x86_64 2.0 4.00 52.00 56.00 OK
r-oldrel-macos-arm64 2.0 OK
r-oldrel-macos-x86_64 2.0 2.00 22.00 24.00 OK
r-oldrel-windows-x86_64 2.0 4.00 46.00 50.00 OK

Check Details

Version: 2.0
Check: CRAN incoming feasibility
Result: NOTE Maintainer: ‘Le Bao <lbaole17@gmail.com>’ No Authors@R field in DESCRIPTION. Please add one, modifying Authors@R: c(person(family = "Le Bao", role = c("aut", "cre"), email = "lbaole17@gmail.com"), person(given = "Jeff", family = "Gill", role = "aut", email = "jgill@mac.com"), person(given = "Tsung-han", family = "Tsai", role = "aut", email = "thtsai@nccu.edu.tw"), person(given = "Jonathan", family = "Rapkin", role = "aut")) as necessary. Flavors: r-devel-linux-x86_64-debian-clang, r-devel-linux-x86_64-debian-gcc