Last updated on 2024-04-23 20:52:20 CEST.
Flavor | Version | Tinstall | Tcheck | Ttotal | Status | Flags |
---|---|---|---|---|---|---|
r-devel-linux-x86_64-debian-clang | 1.1.1 | 13.71 | 104.65 | 118.36 | NOTE | |
r-devel-linux-x86_64-debian-gcc | 1.1.1 | 10.26 | 77.49 | 87.75 | NOTE | |
r-devel-linux-x86_64-fedora-clang | 1.1.1 | 147.37 | NOTE | |||
r-devel-linux-x86_64-fedora-gcc | 1.1.1 | 142.22 | NOTE | |||
r-prerel-macos-arm64 | 1.1.1 | 41.00 | NOTE | |||
r-prerel-windows-x86_64 | 1.1.1 | 12.00 | 89.00 | 101.00 | NOTE | |
r-patched-linux-x86_64 | 1.1.1 | 15.30 | 98.71 | 114.01 | NOTE | |
r-release-linux-x86_64 | 1.1.1 | 9.27 | 104.19 | 113.46 | NOTE | |
r-release-macos-arm64 | 1.1.1 | 25.00 | NOTE | |||
r-release-macos-x86_64 | 1.1.1 | 37.00 | NOTE | |||
r-release-windows-x86_64 | 1.1.1 | 17.00 | 110.00 | 127.00 | NOTE | |
r-oldrel-macos-arm64 | 1.1.1 | 27.00 | OK | |||
r-oldrel-windows-x86_64 | 1.1.1 | 16.00 | 110.00 | 126.00 | NOTE |
Version: 1.1.1
Check: package dependencies
Result: NOTE
Package suggested but not available for checking: ‘extraTrees’
Flavors: r-devel-linux-x86_64-debian-clang, r-devel-linux-x86_64-debian-gcc, r-devel-linux-x86_64-fedora-clang, r-devel-linux-x86_64-fedora-gcc, r-prerel-macos-arm64, r-prerel-windows-x86_64, r-patched-linux-x86_64, r-release-linux-x86_64, r-release-macos-arm64, r-release-windows-x86_64, r-oldrel-windows-x86_64
Version: 1.1.1
Check: package dependencies
Result: NOTE
Packages suggested but not available for checking:
'arm', 'bartMachine', 'extraTrees', 'party', 'xgboost'
Flavor: r-release-macos-x86_64