Last updated on 2025-02-06 19:49:36 CET.
Flavor | Version | Tinstall | Tcheck | Ttotal | Status | Flags |
---|---|---|---|---|---|---|
r-devel-linux-x86_64-debian-clang | 0.0.4 | 2.63 | 40.17 | 42.80 | OK | |
r-devel-linux-x86_64-debian-gcc | 0.0.5 | 2.26 | 26.83 | 29.09 | OK | |
r-devel-linux-x86_64-fedora-clang | 0.0.5 | 66.31 | OK | |||
r-devel-linux-x86_64-fedora-gcc | 0.0.5 | 88.83 | OK | |||
r-devel-windows-x86_64 | 0.0.4 | 7.00 | 63.00 | 70.00 | OK | |
r-patched-linux-x86_64 | 0.0.4 | 2.49 | 40.48 | 42.97 | ERROR | |
r-release-linux-x86_64 | 0.0.4 | 2.54 | 40.78 | 43.32 | OK | |
r-release-macos-arm64 | 0.0.5 | 34.00 | OK | |||
r-release-macos-x86_64 | 0.0.5 | 124.00 | OK | |||
r-release-windows-x86_64 | 0.0.5 | 6.00 | 60.00 | 66.00 | OK | |
r-oldrel-macos-arm64 | 0.0.4 | 47.00 | OK | |||
r-oldrel-macos-x86_64 | 0.0.4 | 88.00 | OK | |||
r-oldrel-windows-x86_64 | 0.0.4 | 6.00 | 77.00 | 83.00 | OK |
Version: 0.0.4
Check: re-building of vignette outputs
Result: ERROR
Error(s) in re-building vignettes:
...
--- re-building ‘super.Rmd’ using vignette
trying URL 'https://cdn.jsdelivr.net/npm/prismjs@1.29.0/plugins/autoloader/prism-autoloader.min.js'
trying URL 'https://cdn.jsdelivr.net/npm/prismjs@1.29.0/plugins/autoloader/prism-autoloader.min.js'
% Total % Received % Xferd Average Speed Time Time Time Current
Dload Upload Total Spent Left Speed
0 0 0 0 0 0 0 0 --:--:-- --:--:-- --:--:-- 0
0 0 0 0 0 0 0 0 --:--:-- --:--:-- --:--:-- 0
0 0 0 0 0 0 0 0 --:--:-- 0:00:01 --:--:-- 0
0 0 0 0 0 0 0 0 --:--:-- 0:00:02 --:--:-- 0
0 0 0 0 0 0 0 0 --:--:-- 0:00:03 --:--:-- 0
0 0 0 0 0 0 0 0 --:--:-- 0:00:04 --:--:-- 0
0 0 0 0 0 0 0 0 --:--:-- 0:00:05 --:--:-- 0
0 0 0 0 0 0 0 0 --:--:-- 0:00:06 --:--:-- 0
0 0 0 0 0 0 0 0 --:--:-- 0:00:07 --:--:-- 0
0 0 0 0 0 0 0 0 --:--:-- 0:00:08 --:--:-- 0
0 0 0 0 0 0 0 0 --:--:-- 0:00:09 --:--:-- 0
0 0 0 0 0 0 0 0 --:--:-- 0:00:10 --:--:-- 0
0 0 0 0 0 0 0 0 --:--:-- 0:00:11 --:--:-- 0
0 0 0 0 0 0 0 0 --:--:-- 0:00:12 --:--:-- 0
0 0 0 0 0 0 0 0 --:--:-- 0:00:13 --:--:-- 0
0 0 0 0 0 0 0 0 --:--:-- 0:00:14 --:--:-- 0curl: (6) Could not resolve host: cdn.jsdelivr.net
--2025-02-05 05:59:58-- https://cdn.jsdelivr.net/npm/prismjs@1.29.0/plugins/autoloader/prism-autoloader.min.js
Resolving cdn.jsdelivr.net (cdn.jsdelivr.net)... failed: Temporary failure in name resolution.
wget: unable to resolve host address ‘cdn.jsdelivr.net’
Error: processing vignette 'super.Rmd' failed with diagnostics:
No download method works (auto/wininet/wget/curl/lynx)
--- failed re-building ‘super.Rmd’
SUMMARY: processing the following file failed:
‘super.Rmd’
Error: Vignette re-building failed.
Execution halted
Flavor: r-patched-linux-x86_64