CRAN Package Check Results for Package sunburstR

Last updated on 2024-04-12 20:51:41 CEST.

Flavor Version Tinstall Tcheck Ttotal Status Flags
r-devel-linux-x86_64-debian-clang 2.1.8 3.69 56.25 59.94 NOTE
r-devel-linux-x86_64-debian-gcc 2.1.8 2.68 40.94 43.62 NOTE
r-devel-linux-x86_64-fedora-clang 2.1.8 71.78 NOTE
r-devel-linux-x86_64-fedora-gcc 2.1.8 80.92 NOTE
r-devel-windows-x86_64 2.1.8 5.00 66.00 71.00 NOTE
r-patched-linux-x86_64 2.1.8 3.30 51.25 54.55 NOTE
r-release-linux-x86_64 2.1.8 2.41 50.63 53.04 OK
r-release-macos-arm64 2.1.8 33.00 OK
r-release-macos-x86_64 2.1.8 45.00 OK
r-release-windows-x86_64 2.1.8 6.00 69.00 75.00 OK
r-oldrel-macos-arm64 2.1.8 27.00 OK
r-oldrel-windows-x86_64 2.1.8 7.00 74.00 81.00 OK

Check Details

Version: 2.1.8
Check: Rd files
Result: NOTE checkRd: (-1) sunburst.Rd:30: Lost braces; missing escapes or markup? 30 | nested d3 JSON hierarchy with `{name:..., children:[];}`. \code{csvdata} | ^ checkRd: (-1) sunburst.Rd:88: Lost braces; missing escapes or markup? 88 | \item{jsondata}{\code{deprecated} use data argument instead; data in nested d3 JSON hierarchy with `{name:..., children:[];}`} | ^ checkRd: (-1) sund2b.Rd:22: Lost braces; missing escapes or markup? 22 | nested d3 JSON hierarchy with `{name:..., children:[];}`. \code{list}, \code{character}, | ^ Flavors: r-devel-linux-x86_64-debian-clang, r-devel-linux-x86_64-debian-gcc, r-devel-linux-x86_64-fedora-clang, r-devel-linux-x86_64-fedora-gcc, r-devel-windows-x86_64, r-patched-linux-x86_64