Last updated on 2024-04-17 20:57:51 CEST.
Flavor | Version | Tinstall | Tcheck | Ttotal | Status | Flags |
---|---|---|---|---|---|---|
r-devel-linux-x86_64-debian-clang | 1.0.4 | 8.08 | 81.65 | 89.73 | NOTE | |
r-devel-linux-x86_64-debian-gcc | 1.0.4 | 5.59 | 60.68 | 66.27 | NOTE | |
r-devel-linux-x86_64-fedora-clang | 1.0.4 | 115.79 | NOTE | |||
r-devel-linux-x86_64-fedora-gcc | 1.0.4 | 107.24 | NOTE | |||
r-prerel-macos-arm64 | 1.0.4 | 36.00 | NOTE | |||
r-prerel-windows-x86_64 | 1.0.4 | 8.00 | 74.00 | 82.00 | NOTE | |
r-patched-linux-x86_64 | 1.0.4 | 12.37 | 77.51 | 89.88 | NOTE | |
r-release-linux-x86_64 | 1.0.4 | 8.81 | 77.63 | 86.44 | OK | |
r-release-macos-arm64 | 1.0.4 | 39.00 | OK | |||
r-release-macos-x86_64 | 1.0.4 | 53.00 | OK | |||
r-release-windows-x86_64 | 1.0.4 | 12.00 | 84.00 | 96.00 | OK | |
r-oldrel-macos-arm64 | 1.0.4 | 38.00 | OK | |||
r-oldrel-windows-x86_64 | 1.0.4 | 12.00 | 84.00 | 96.00 | OK |
Version: 1.0.4
Check: Rd files
Result: NOTE
checkRd: (-1) P3C.Rd:18: Lost braces; missing escapes or markup?
18 | used for this will be 1.00*10^{-PoissonThreshold}.}
| ^
Flavors: r-devel-linux-x86_64-debian-clang, r-devel-linux-x86_64-debian-gcc, r-devel-linux-x86_64-fedora-clang, r-devel-linux-x86_64-fedora-gcc, r-prerel-macos-arm64, r-prerel-windows-x86_64, r-patched-linux-x86_64