Last updated on 2024-04-24 20:54:25 CEST.
Flavor | Version | Tinstall | Tcheck | Ttotal | Status | Flags |
---|---|---|---|---|---|---|
r-devel-linux-x86_64-debian-clang | 3.0.7 | 6.68 | 87.89 | 94.57 | OK | |
r-devel-linux-x86_64-debian-gcc | 3.0.7 | 6.86 | 66.07 | 72.93 | OK | |
r-devel-linux-x86_64-fedora-clang | 3.0.7 | 120.26 | NOTE | |||
r-devel-linux-x86_64-fedora-gcc | 3.0.7 | 136.84 | NOTE | |||
r-devel-windows-x86_64 | 3.0.7 | 9.00 | 78.00 | 87.00 | OK | |
r-patched-linux-x86_64 | 3.0.7 | 9.38 | 85.35 | 94.73 | OK | |
r-release-linux-x86_64 | 3.0.7 | 6.30 | 85.80 | 92.10 | OK | |
r-release-macos-arm64 | 3.0.7 | 46.00 | OK | |||
r-release-windows-x86_64 | 3.0.7 | 9.00 | 77.00 | 86.00 | OK | |
r-oldrel-macos-arm64 | 3.0.7 | 40.00 | NOTE | |||
r-oldrel-macos-x86_64 | 3.0.7 | 74.00 | OK | |||
r-oldrel-windows-x86_64 | 3.0.7 | 13.00 | 92.00 | 105.00 | OK |
Version: 3.0.7
Check: dependencies in R code
Result: NOTE
Namespaces in Imports field not imported from:
‘DT’ ‘bsplus’ ‘colourpicker’ ‘grDevices’ ‘graphics’ ‘jsonlite’
‘purrr’ ‘shinyjs’
All declared Imports should be used.
Flavors: r-devel-linux-x86_64-fedora-clang, r-devel-linux-x86_64-fedora-gcc, r-oldrel-macos-arm64