Last updated on 2025-05-09 20:50:04 CEST.
Flavor | Version | Tinstall | Tcheck | Ttotal | Status | Flags |
---|---|---|---|---|---|---|
r-devel-linux-x86_64-debian-clang | 1.1 | 1.79 | 18.94 | 20.73 | NOTE | |
r-devel-linux-x86_64-debian-gcc | 1.1 | 1.77 | 15.71 | 17.48 | NOTE | |
r-devel-linux-x86_64-fedora-clang | 1.1 | 33.88 | OK | |||
r-devel-linux-x86_64-fedora-gcc | 1.1 | 31.68 | OK | |||
r-devel-windows-x86_64 | 1.1 | 3.00 | 40.00 | 43.00 | OK | |
r-patched-linux-x86_64 | 1.1 | 2.27 | 17.95 | 20.22 | OK | |
r-release-linux-x86_64 | 1.1 | 2.17 | 18.08 | 20.25 | OK | |
r-release-macos-arm64 | 1.1 | 14.00 | OK | |||
r-release-macos-x86_64 | 1.1 | 24.00 | OK | |||
r-release-windows-x86_64 | 1.1 | 5.00 | 46.00 | 51.00 | OK | |
r-oldrel-macos-arm64 | 1.1 | 15.00 | OK | |||
r-oldrel-macos-x86_64 | 1.1 | 20.00 | OK | |||
r-oldrel-windows-x86_64 | 1.1 | 2.00 | 39.00 | 41.00 | OK |
Version: 1.1
Check: CRAN incoming feasibility
Result: NOTE
Maintainer: ‘I. Manjula Schou <im.schou@yahoo.com.au>’
No Authors@R field in DESCRIPTION.
Please add one, modifying
Authors@R: person(given = c("I.", "Manjula"),
family = "Schou",
role = c("aut", "cre"),
email = "im.schou@yahoo.com.au")
as necessary.
Flavors: r-devel-linux-x86_64-debian-clang, r-devel-linux-x86_64-debian-gcc