Last updated on 2025-07-03 20:50:55 CEST.
Flavor | Version | Tinstall | Tcheck | Ttotal | Status | Flags |
---|---|---|---|---|---|---|
r-devel-linux-x86_64-debian-clang | 2.4.1 | 54.46 | 346.45 | 400.91 | NOTE | |
r-devel-linux-x86_64-debian-gcc | 2.4.1 | 41.36 | 228.38 | 269.74 | NOTE | |
r-devel-linux-x86_64-fedora-clang | 2.4.1 | 615.18 | NOTE | |||
r-devel-linux-x86_64-fedora-gcc | 2.4.1 | 565.35 | NOTE | |||
r-devel-windows-x86_64 | 2.4.1 | 45.00 | 293.00 | 338.00 | NOTE | |
r-patched-linux-x86_64 | 2.4.1 | 69.86 | 346.41 | 416.27 | NOTE | |
r-release-linux-x86_64 | 2.4.1 | 65.32 | 346.24 | 411.56 | NOTE | |
r-release-macos-arm64 | 2.4.1 | 312.00 | NOTE | |||
r-release-macos-x86_64 | 2.4.1 | 335.00 | NOTE | |||
r-release-windows-x86_64 | 2.4.1 | 50.00 | 322.00 | 372.00 | NOTE | |
r-oldrel-macos-arm64 | 2.4.1 | 308.00 | NOTE | |||
r-oldrel-macos-x86_64 | 2.4.1 | 271.00 | NOTE | |||
r-oldrel-windows-x86_64 | 2.4.1 | 66.00 | 373.00 | 439.00 | NOTE |
Version: 2.4.1
Check: CRAN incoming feasibility
Result: NOTE
Maintainer: ‘Oskar Hansson <oskhan@ous-hf.no>’
No Authors@R field in DESCRIPTION.
Please add one, modifying
Authors@R: person(given = "Oskar",
family = "Hansson",
role = c("aut", "cre"),
email = "oskhan@ous-hf.no")
as necessary.
Flavors: r-devel-linux-x86_64-debian-clang, r-devel-linux-x86_64-debian-gcc
Version: 2.4.1
Check: Rd files
Result: NOTE
checkRd: (-1) calculateStatistics.Rd:22: Lost braces; missing escapes or markup?
22 | \item{quant}{numeric quantile to calculate {0,1}, default 0.95.}
| ^
Flavors: r-devel-linux-x86_64-debian-clang, r-devel-linux-x86_64-debian-gcc, r-devel-linux-x86_64-fedora-clang, r-devel-linux-x86_64-fedora-gcc, r-devel-windows-x86_64, r-patched-linux-x86_64, r-release-linux-x86_64, r-release-macos-arm64, r-release-macos-x86_64, r-release-windows-x86_64, r-oldrel-macos-arm64, r-oldrel-macos-x86_64, r-oldrel-windows-x86_64
Version: 2.4.1
Check: Rd cross-references
Result: NOTE
Found the following Rd file(s) with Rd \link{} targets missing package
anchors:
calculateAllele.Rd: data.table
calculateSpike.Rd: data.table
combine_gui.Rd: rbind.fill
editData_gui.Rd: gdf, gtable
ggsave_gui.Rd: ggsave
plotDistribution_gui.Rd: geom_density
plotGroups_gui.Rd: stat_ecdf
Please provide package anchors for all Rd \link{} targets not in the
package itself and the base packages.
Flavors: r-devel-linux-x86_64-debian-clang, r-devel-linux-x86_64-debian-gcc, r-devel-windows-x86_64, r-patched-linux-x86_64, r-release-linux-x86_64, r-release-windows-x86_64