Last updated on 2024-04-22 20:53:52 CEST.
Flavor | Version | Tinstall | Tcheck | Ttotal | Status | Flags |
---|---|---|---|---|---|---|
r-devel-linux-x86_64-debian-clang | 1.5-3 | 11.76 | 106.32 | 118.08 | NOTE | |
r-devel-linux-x86_64-debian-gcc | 1.5-3 | 7.91 | 72.80 | 80.71 | NOTE | |
r-devel-linux-x86_64-fedora-clang | 1.5-3 | 138.99 | NOTE | |||
r-devel-linux-x86_64-fedora-gcc | 1.5-3 | 146.02 | NOTE | |||
r-prerel-macos-arm64 | 1.5-3 | 43.00 | NOTE | |||
r-prerel-windows-x86_64 | 1.5-3 | 12.00 | 119.00 | 131.00 | NOTE | |
r-patched-linux-x86_64 | 1.5-3 | 12.25 | 97.70 | 109.95 | NOTE | |
r-release-linux-x86_64 | 1.5-3 | 10.68 | 96.60 | 107.28 | NOTE | |
r-release-macos-arm64 | 1.5-3 | 49.00 | NOTE | |||
r-release-macos-x86_64 | 1.5-3 | 79.00 | NOTE | |||
r-release-windows-x86_64 | 1.5-3 | 14.00 | 132.00 | 146.00 | NOTE | |
r-oldrel-macos-arm64 | 1.5-3 | 43.00 | NOTE | |||
r-oldrel-windows-x86_64 | 1.5-3 | 15.00 | 142.00 | 157.00 | NOTE |
Version: 1.5-3
Check: R code for possible problems
Result: NOTE
efpFunctional: multiple local function definitions for ‘plotProcess’
with different formal arguments
mefp.efp: multiple local function definitions for ‘computeEmpProc’ with
different formal arguments
Flavors: r-devel-linux-x86_64-debian-clang, r-devel-linux-x86_64-debian-gcc, r-devel-linux-x86_64-fedora-clang, r-devel-linux-x86_64-fedora-gcc, r-prerel-macos-arm64, r-prerel-windows-x86_64, r-patched-linux-x86_64, r-release-linux-x86_64, r-release-macos-arm64, r-release-macos-x86_64, r-release-windows-x86_64, r-oldrel-macos-arm64, r-oldrel-windows-x86_64