CRAN Package Check Results for Package stripless

Last updated on 2022-12-08 20:49:27 CET.

Flavor Version Tinstall Tcheck Ttotal Status Flags
r-devel-linux-x86_64-debian-clang 1.0-3 3.71 84.19 87.90 NOTE
r-devel-linux-x86_64-debian-gcc 1.0-3 2.66 62.70 65.36 NOTE
r-devel-linux-x86_64-fedora-clang 1.0-3 112.93 NOTE
r-devel-linux-x86_64-fedora-gcc 1.0-3 123.93 NOTE
r-devel-windows-x86_64 1.0-3 12.00 119.00 131.00 NOTE
r-patched-linux-x86_64 1.0-3 2.77 76.89 79.66 NOTE
r-release-linux-x86_64 1.0-3 3.32 75.46 78.78 NOTE
r-release-macos-arm64 1.0-3 34.00 NOTE
r-release-macos-x86_64 1.0-3 45.00 NOTE
r-release-windows-x86_64 1.0-3 17.00 113.00 130.00 NOTE
r-oldrel-macos-arm64 1.0-3 35.00 NOTE
r-oldrel-macos-x86_64 1.0-3 45.00 NOTE
r-oldrel-windows-ix86+x86_64 1.0-3 7.00 105.00 112.00 NOTE

Check Details

Version: 1.0-3
Check: LazyData
Result: NOTE
     'LazyData' is specified without a 'data' directory
Flavors: r-devel-linux-x86_64-debian-clang, r-devel-linux-x86_64-debian-gcc, r-devel-linux-x86_64-fedora-clang, r-devel-linux-x86_64-fedora-gcc, r-devel-windows-x86_64, r-patched-linux-x86_64, r-release-linux-x86_64, r-release-macos-arm64, r-release-macos-x86_64, r-release-windows-x86_64, r-oldrel-macos-arm64, r-oldrel-macos-x86_64, r-oldrel-windows-ix86+x86_64