Last updated on 2025-11-22 19:50:44 CET.
| Flavor | Version | Tinstall | Tcheck | Ttotal | Status | Flags |
|---|---|---|---|---|---|---|
| r-devel-linux-x86_64-debian-clang | 1.0.0 | 3.77 | 39.45 | 43.22 | NOTE | |
| r-devel-linux-x86_64-debian-gcc | 1.0.0 | 2.91 | 30.16 | 33.07 | NOTE | |
| r-devel-linux-x86_64-fedora-clang | 1.0.0 | 65.31 | NOTE | |||
| r-devel-linux-x86_64-fedora-gcc | 1.0.0 | 60.55 | NOTE | |||
| r-devel-windows-x86_64 | 1.0.0 | 6.00 | 57.00 | 63.00 | NOTE | |
| r-patched-linux-x86_64 | 1.0.0 | 3.94 | 36.62 | 40.56 | NOTE | |
| r-release-linux-x86_64 | 1.0.0 | 3.19 | 37.29 | 40.48 | NOTE | |
| r-release-macos-arm64 | 1.0.0 | NOTE | ||||
| r-release-macos-x86_64 | 1.0.0 | 5.00 | 56.00 | 61.00 | NOTE | |
| r-release-windows-x86_64 | 1.0.0 | 5.00 | 63.00 | 68.00 | NOTE | |
| r-oldrel-macos-arm64 | 1.0.0 | NOTE | ||||
| r-oldrel-macos-x86_64 | 1.0.0 | 3.00 | 31.00 | 34.00 | NOTE | |
| r-oldrel-windows-x86_64 | 1.0.0 | 6.00 | 67.00 | 73.00 | NOTE |
Version: 1.0.0
Check: CRAN incoming feasibility
Result: NOTE
Maintainer: ‘Matt Barry <mrb@softisms.com>’
No Authors@R field in DESCRIPTION.
Please add one, modifying
Authors@R: person(given = "Matt",
family = "Barry",
role = c("aut", "cre"),
email = "mrb@softisms.com")
as necessary.
Flavors: r-devel-linux-x86_64-debian-clang, r-devel-linux-x86_64-debian-gcc
Version: 1.0.0
Check: DESCRIPTION meta-information
Result: NOTE
Malformed Title field: should not end in a period.
Flavors: r-devel-linux-x86_64-debian-clang, r-devel-linux-x86_64-debian-gcc, r-devel-linux-x86_64-fedora-clang, r-devel-linux-x86_64-fedora-gcc, r-devel-windows-x86_64, r-patched-linux-x86_64, r-release-linux-x86_64, r-release-macos-arm64, r-release-macos-x86_64, r-release-windows-x86_64, r-oldrel-macos-arm64, r-oldrel-macos-x86_64, r-oldrel-windows-x86_64