CRAN Package Check Results for Package streamR

Last updated on 2025-05-06 20:50:55 CEST.

Flavor Version Tinstall Tcheck Ttotal Status Flags
r-devel-linux-x86_64-debian-clang 0.4.5 3.39 31.49 34.88 NOTE
r-devel-linux-x86_64-debian-gcc 0.4.5 2.37 24.15 26.52 NOTE
r-devel-linux-x86_64-fedora-clang 0.4.5 55.75 OK
r-devel-linux-x86_64-fedora-gcc 0.4.5 51.70 OK
r-devel-windows-x86_64 0.4.5 5.00 55.00 60.00 OK
r-patched-linux-x86_64 0.4.5 3.39 30.54 33.93 OK
r-release-linux-x86_64 0.4.5 3.45 30.22 33.67 OK
r-release-macos-arm64 0.4.5 22.00 OK
r-release-macos-x86_64 0.4.5 33.00 OK
r-release-windows-x86_64 0.4.5 5.00 56.00 61.00 OK
r-oldrel-macos-arm64 0.4.5 22.00 OK
r-oldrel-macos-x86_64 0.4.5 31.00 OK
r-oldrel-windows-x86_64 0.4.5 6.00 61.00 67.00 OK

Check Details

Version: 0.4.5
Check: CRAN incoming feasibility
Result: NOTE Maintainer: ‘Pablo Barbera <pablo.barbera@nyu.edu>’ No Authors@R field in DESCRIPTION. Please add one, modifying Authors@R: person(given = "Pablo", family = "Barbera", role = c("aut", "cre"), email = "pablo.barbera@nyu.edu") as necessary. Flavors: r-devel-linux-x86_64-debian-clang, r-devel-linux-x86_64-debian-gcc