CRAN Package Check Results for Package streamR

Last updated on 2025-07-12 20:50:45 CEST.

Flavor Version Tinstall Tcheck Ttotal Status Flags
r-devel-linux-x86_64-debian-clang 0.4.5 3.35 31.84 35.19 NOTE
r-devel-linux-x86_64-debian-gcc 0.4.5 2.57 25.69 28.26 NOTE
r-devel-linux-x86_64-fedora-clang 0.4.5 54.31 OK
r-devel-linux-x86_64-fedora-gcc 0.4.5 49.91 OK
r-devel-windows-x86_64 0.4.5 4.00 56.00 60.00 OK
r-patched-linux-x86_64 0.4.5 3.40 30.64 34.04 OK
r-release-linux-x86_64 0.4.5 3.32 30.45 33.77 OK
r-release-macos-arm64 0.4.5 22.00 OK
r-release-macos-x86_64 0.4.5 33.00 OK
r-release-windows-x86_64 0.4.5 6.00 57.00 63.00 OK
r-oldrel-macos-arm64 0.4.5 22.00 OK
r-oldrel-macos-x86_64 0.4.5 31.00 OK
r-oldrel-windows-x86_64 0.4.5 6.00 63.00 69.00 OK

Check Details

Version: 0.4.5
Check: CRAN incoming feasibility
Result: NOTE Maintainer: ‘Pablo Barbera <pablo.barbera@nyu.edu>’ No Authors@R field in DESCRIPTION. Please add one, modifying Authors@R: person(given = "Pablo", family = "Barbera", role = c("aut", "cre"), email = "pablo.barbera@nyu.edu") as necessary. Flavors: r-devel-linux-x86_64-debian-clang, r-devel-linux-x86_64-debian-gcc