Last updated on 2023-02-03 20:51:39 CET.
Flavor | Version | Tinstall | Tcheck | Ttotal | Status | Flags |
---|---|---|---|---|---|---|
r-devel-linux-x86_64-debian-clang | 0.1.1 | 5.72 | 47.84 | 53.56 | OK | |
r-devel-linux-x86_64-debian-gcc | 0.1.1 | 4.24 | 36.12 | 40.36 | OK | |
r-devel-linux-x86_64-fedora-clang | 0.1.1 | 70.60 | NOTE | |||
r-devel-linux-x86_64-fedora-gcc | 0.1.1 | 69.11 | NOTE | |||
r-patched-linux-x86_64 | 0.1.1 | 5.58 | 46.49 | 52.07 | OK | |
r-release-linux-x86_64 | 0.1.1 | 5.04 | 46.78 | 51.82 | OK | |
r-release-macos-arm64 | 0.1.1 | 26.00 | NOTE | |||
r-release-macos-x86_64 | 0.1.1 | 45.00 | NOTE | |||
r-release-windows-x86_64 | 0.1.1 | 16.00 | 84.00 | 100.00 | OK | |
r-oldrel-macos-arm64 | 0.1.1 | 32.00 | NOTE | |||
r-oldrel-macos-x86_64 | 0.1.1 | 43.00 | NOTE | |||
r-oldrel-windows-ix86+x86_64 | 0.1.1 | 15.00 | 76.00 | 91.00 | OK |
Version: 0.1.1
Check: dependencies in R code
Result: NOTE
Namespace in Imports field not imported from: ‘ks’
All declared Imports should be used.
Flavors: r-devel-linux-x86_64-fedora-clang, r-devel-linux-x86_64-fedora-gcc, r-release-macos-arm64, r-release-macos-x86_64, r-oldrel-macos-arm64, r-oldrel-macos-x86_64
Version: 0.1.1
Check: Rd cross-references
Result: NOTE
Undeclared package ‘HDoutliers’ in Rd xrefs
Flavor: r-devel-linux-x86_64-fedora-clang