CRAN Package Check Results for Package stratbr

Last updated on 2022-12-03 23:01:41 CET.

Flavor Version Tinstall Tcheck Ttotal Status Flags
r-devel-linux-x86_64-debian-clang 1.2 2.46 26.15 28.61 NOTE
r-devel-linux-x86_64-debian-gcc 1.2 2.22 20.82 23.04 NOTE
r-devel-linux-x86_64-fedora-clang 1.2 47.06 NOTE
r-devel-linux-x86_64-fedora-gcc 1.2 45.43 NOTE
r-devel-windows-x86_64 1.2 13.00 69.00 82.00 NOTE
r-patched-linux-x86_64 1.2 2.82 24.88 27.70 NOTE
r-release-linux-x86_64 1.2 2.68 25.49 28.17 NOTE
r-release-macos-arm64 1.2 19.00 NOTE
r-release-macos-x86_64 1.2 24.00 NOTE
r-release-windows-x86_64 1.2 11.00 62.00 73.00 NOTE
r-oldrel-macos-arm64 1.2 22.00 NOTE
r-oldrel-macos-x86_64 1.2 32.00 NOTE
r-oldrel-windows-ix86+x86_64 1.2 7.00 51.00 58.00 NOTE

Check Details

Version: 1.2
Check: LazyData
Result: NOTE
     'LazyData' is specified without a 'data' directory
Flavors: r-devel-linux-x86_64-debian-clang, r-devel-linux-x86_64-debian-gcc, r-devel-linux-x86_64-fedora-clang, r-devel-linux-x86_64-fedora-gcc, r-devel-windows-x86_64, r-patched-linux-x86_64, r-release-linux-x86_64, r-release-macos-arm64, r-release-macos-x86_64, r-release-windows-x86_64, r-oldrel-macos-arm64, r-oldrel-macos-x86_64, r-oldrel-windows-ix86+x86_64