Last updated on 2024-04-25 20:48:40 CEST.
Flavor | Version | Tinstall | Tcheck | Ttotal | Status | Flags |
---|---|---|---|---|---|---|
r-devel-linux-x86_64-debian-clang | 1.1.6 | 127.37 | 63.09 | 190.46 | OK | |
r-devel-linux-x86_64-debian-gcc | 1.1.6 | 107.21 | 46.43 | 153.64 | OK | |
r-devel-linux-x86_64-fedora-clang | 1.1.6 | 255.15 | OK | |||
r-devel-linux-x86_64-fedora-gcc | 1.1.6 | 278.60 | OK | |||
r-devel-windows-x86_64 | 1.1.6 | 104.00 | 158.00 | 262.00 | NOTE | |
r-patched-linux-x86_64 | 1.1.6 | 123.52 | 61.77 | 185.29 | OK | |
r-release-linux-x86_64 | 1.1.6 | 140.73 | 64.07 | 204.80 | OK | |
r-release-macos-arm64 | 1.1.6 | 66.00 | NOTE | |||
r-release-windows-x86_64 | 1.1.6 | 102.00 | 91.00 | 193.00 | NOTE | |
r-oldrel-macos-arm64 | 1.1.6 | 91.00 | NOTE | |||
r-oldrel-macos-x86_64 | 1.1.6 | 133.00 | NOTE | |||
r-oldrel-windows-x86_64 | 1.1.6 | 126.00 | 104.00 | 230.00 | NOTE |
Version: 1.1.6
Check: C++ specification
Result: NOTE
Specified C++14: please drop specification unless essential
Flavors: r-devel-windows-x86_64, r-release-windows-x86_64, r-oldrel-windows-x86_64
Version: 1.1.6
Check: installed package size
Result: NOTE
installed size is 10.1Mb
sub-directories of 1Mb or more:
libs 8.8Mb
Flavors: r-release-macos-arm64, r-oldrel-macos-arm64, r-oldrel-macos-x86_64