CRAN Package Check Results for Package stplanr

Last updated on 2024-02-29 20:05:42 CET.

Flavor Version Tinstall Tcheck Ttotal Status Flags
r-devel-linux-x86_64-debian-clang 1.1.2 9.13 112.22 121.35 NOTE
r-devel-linux-x86_64-debian-gcc 1.1.2 6.23 87.06 93.29 NOTE
r-devel-linux-x86_64-fedora-clang 1.1.2 151.65 NOTE
r-devel-linux-x86_64-fedora-gcc 1.1.2 181.64 NOTE
r-devel-windows-x86_64 1.1.2 10.00 126.00 136.00 OK
r-patched-linux-x86_64 1.1.2 11.59 110.81 122.40 OK
r-release-linux-x86_64 1.1.2 10.41 108.72 119.13 OK
r-release-macos-arm64 1.1.2 72.00 OK
r-release-macos-x86_64 1.1.2 143.00 OK
r-release-windows-x86_64 1.1.2 14.00 148.00 162.00 OK
r-oldrel-macos-arm64 1.1.2 70.00 OK
r-oldrel-windows-x86_64 1.1.2 14.00 149.00 163.00 OK

Check Details

Version: 1.1.2
Check: Rd files
Result: NOTE checkRd: (-1) geo_toptail.Rd:26: Lost braces; missing escapes or markup? 26 | in {stplanr} v0.8.5 for an implementation that uses the geosphere | ^ Flavors: r-devel-linux-x86_64-debian-clang, r-devel-linux-x86_64-debian-gcc, r-devel-linux-x86_64-fedora-clang, r-devel-linux-x86_64-fedora-gcc