Last updated on 2023-06-06 21:01:06 CEST.
Flavor | Version | Tinstall | Tcheck | Ttotal | Status | Flags |
---|---|---|---|---|---|---|
r-devel-linux-x86_64-debian-clang | 1.2.5 | 10.97 | 61.84 | 72.81 | NOTE | |
r-devel-linux-x86_64-debian-gcc | 1.2.5 | 7.28 | 47.05 | 54.33 | NOTE | |
r-devel-linux-x86_64-fedora-clang | 1.2.5 | 93.18 | NOTE | |||
r-devel-linux-x86_64-fedora-gcc | 1.2.5 | 94.56 | NOTE | |||
r-devel-windows-x86_64 | 1.2.5 | 16.00 | 74.00 | 90.00 | NOTE | |
r-patched-linux-x86_64 | 1.2.5 | 12.12 | 58.20 | 70.32 | NOTE | |
r-release-linux-x86_64 | 1.2.5 | 8.25 | 59.16 | 67.41 | NOTE | |
r-release-macos-arm64 | 1.2.5 | 37.00 | NOTE | |||
r-release-macos-x86_64 | 1.2.5 | 61.00 | NOTE | |||
r-release-windows-x86_64 | 1.2.5 | 10.00 | 83.00 | 93.00 | NOTE | |
r-oldrel-macos-arm64 | 1.2.5 | 32.00 | NOTE | |||
r-oldrel-macos-x86_64 | 1.2.5 | 42.00 | NOTE | |||
r-oldrel-windows-x86_64 | 1.2.5 | 13.00 | 84.00 | 97.00 | NOTE |
Version: 1.2.5
Check: LazyData
Result: NOTE
'LazyData' is specified without a 'data' directory
Flavors: r-devel-linux-x86_64-debian-clang, r-devel-linux-x86_64-debian-gcc, r-devel-linux-x86_64-fedora-clang, r-devel-linux-x86_64-fedora-gcc, r-devel-windows-x86_64, r-patched-linux-x86_64, r-release-linux-x86_64, r-release-macos-arm64, r-release-macos-x86_64, r-release-windows-x86_64, r-oldrel-macos-arm64, r-oldrel-macos-x86_64, r-oldrel-windows-x86_64