Last updated on 2025-11-02 23:49:54 CET.
| Flavor | Version | Tinstall | Tcheck | Ttotal | Status | Flags | 
|---|---|---|---|---|---|---|
| r-devel-linux-x86_64-debian-clang | 0.3.0 | 31.82 | 146.88 | 178.70 | OK | |
| r-devel-linux-x86_64-debian-gcc | 0.3.0 | 27.96 | 124.04 | 152.00 | OK | |
| r-devel-linux-x86_64-fedora-clang | 0.3.0 | 72.00 | 208.84 | 280.84 | OK | |
| r-devel-linux-x86_64-fedora-gcc | 0.3.0 | 83.00 | 252.23 | 335.23 | OK | |
| r-devel-windows-x86_64 | 0.3.0 | 73.00 | 109.00 | 182.00 | OK | |
| r-patched-linux-x86_64 | 0.3.0 | 34.73 | 149.97 | 184.70 | OK | |
| r-release-linux-x86_64 | 0.3.0 | 37.95 | 145.34 | 183.29 | OK | |
| r-release-macos-arm64 | 0.3.0 | 14.00 | 79.00 | 93.00 | OK | |
| r-release-macos-x86_64 | 0.3.0 | 28.00 | 145.00 | 173.00 | OK | |
| r-release-windows-x86_64 | 0.3.0 | 75.00 | 108.00 | 183.00 | OK | |
| r-oldrel-macos-arm64 | 0.3.0 | 15.00 | 78.00 | 93.00 | NOTE | |
| r-oldrel-macos-x86_64 | 0.3.0 | 25.00 | 137.00 | 162.00 | NOTE | |
| r-oldrel-windows-x86_64 | 0.3.0 | 85.00 | 137.00 | 222.00 | NOTE | 
Version: 0.3.0
Check: installed package size
Result: NOTE
    installed size is 47.5Mb
    sub-directories of 1Mb or more:
      joss_paper   1.2Mb
      libs        45.5Mb
Flavors: r-oldrel-macos-arm64, r-oldrel-macos-x86_64, r-oldrel-windows-x86_64