Last updated on 2024-03-28 19:48:47 CET.
Flavor | Version | Tinstall | Tcheck | Ttotal | Status | Flags |
---|---|---|---|---|---|---|
r-devel-linux-x86_64-debian-clang | 1.1.2 | 17.34 | 155.46 | 172.80 | OK | |
r-devel-linux-x86_64-debian-gcc | 1.1.2 | 13.26 | 113.73 | 126.99 | OK | |
r-devel-linux-x86_64-fedora-clang | 1.1.2 | 209.00 | NOTE | |||
r-devel-linux-x86_64-fedora-gcc | 1.1.2 | 232.74 | OK | |||
r-devel-windows-x86_64 | 1.1.2 | 14.00 | 130.00 | 144.00 | NOTE | |
r-patched-linux-x86_64 | 1.1.2 | 14.82 | 149.99 | 164.81 | OK | |
r-release-linux-x86_64 | 1.1.2 | 11.10 | 145.33 | 156.43 | OK | |
r-release-macos-arm64 | 1.1.2 | 68.00 | NOTE | |||
r-release-macos-x86_64 | 1.1.2 | 107.00 | NOTE | |||
r-release-windows-x86_64 | 1.1.2 | 19.00 | 168.00 | 187.00 | NOTE | |
r-oldrel-macos-arm64 | 1.1.2 | 62.00 | NOTE | |||
r-oldrel-windows-x86_64 | 1.1.2 | 21.00 | 166.00 | 187.00 | NOTE |
Version: 1.1.2
Check: installed package size
Result: NOTE
installed size is 6.8Mb
sub-directories of 1Mb or more:
data 6.3Mb
Flavors: r-devel-linux-x86_64-fedora-clang, r-devel-windows-x86_64, r-release-macos-arm64, r-release-macos-x86_64, r-release-windows-x86_64, r-oldrel-macos-arm64, r-oldrel-windows-x86_64