CRAN Package Check Results for Package stlplus

Last updated on 2022-12-02 20:53:27 CET.

Flavor Version Tinstall Tcheck Ttotal Status Flags
r-devel-linux-x86_64-debian-clang 0.5.1 33.03 43.88 76.91 NOTE
r-devel-linux-x86_64-debian-gcc 0.5.1 20.99 33.62 54.61 NOTE
r-devel-linux-x86_64-fedora-clang 0.5.1 120.47 NOTE
r-devel-linux-x86_64-fedora-gcc 0.5.1 103.69 NOTE
r-devel-windows-x86_64 0.5.1 35.00 87.00 122.00 NOTE
r-patched-linux-x86_64 0.5.1 25.93 41.68 67.61 NOTE
r-release-linux-x86_64 0.5.1 28.73 43.15 71.88 NOTE
r-release-macos-arm64 0.5.1 28.00 NOTE
r-release-macos-x86_64 0.5.1 43.00 NOTE
r-release-windows-x86_64 0.5.1 35.00 90.00 125.00 NOTE
r-oldrel-macos-arm64 0.5.1 31.00 NOTE
r-oldrel-macos-x86_64 0.5.1 56.00 NOTE
r-oldrel-windows-ix86+x86_64 0.5.1 80.00 92.00 172.00 NOTE

Check Details

Version: 0.5.1
Check: LazyData
Result: NOTE
     'LazyData' is specified without a 'data' directory
Flavors: r-devel-linux-x86_64-debian-clang, r-devel-linux-x86_64-debian-gcc, r-devel-linux-x86_64-fedora-clang, r-devel-linux-x86_64-fedora-gcc, r-devel-windows-x86_64, r-patched-linux-x86_64, r-release-linux-x86_64, r-release-macos-arm64, r-release-macos-x86_64, r-release-windows-x86_64, r-oldrel-macos-arm64, r-oldrel-macos-x86_64, r-oldrel-windows-ix86+x86_64

Version: 0.5.1
Check: compiled code
Result: NOTE
    File ‘stlplus/libs/stlplus.so’:
     Found no calls to: ‘R_registerRoutines’, ‘R_useDynamicSymbols’
    
    It is good practice to register native routines and to disable symbol
    search.
    
    See ‘Writing portable packages’ in the ‘Writing R Extensions’ manual.
Flavors: r-devel-linux-x86_64-fedora-clang, r-devel-linux-x86_64-fedora-gcc