CRAN Package Check Results for Package stepSplitReg

Last updated on 2024-07-22 20:55:55 CEST.

Flavor Version Tinstall Tcheck Ttotal Status Flags
r-devel-linux-x86_64-debian-clang 1.0.3 75.73 40.44 116.17 NOTE
r-devel-linux-x86_64-debian-gcc 1.0.3 51.32 28.36 79.68 NOTE
r-devel-linux-x86_64-fedora-clang 1.0.3 192.71 NOTE
r-devel-linux-x86_64-fedora-gcc 1.0.3 173.30 NOTE
r-devel-windows-x86_64 1.0.3 70.00 68.00 138.00 NOTE
r-patched-linux-x86_64 1.0.3 78.09 39.12 117.21 NOTE
r-release-linux-x86_64 1.0.3 63.90 39.30 103.20 NOTE
r-release-macos-arm64 1.0.3 46.00 NOTE
r-release-macos-x86_64 1.0.3 57.00 NOTE
r-release-windows-x86_64 1.0.3 80.00 65.00 145.00 NOTE
r-oldrel-macos-arm64 1.0.3 52.00 NOTE
r-oldrel-macos-x86_64 1.0.3 89.00 NOTE
r-oldrel-windows-x86_64 1.0.3 99.00 77.00 176.00 NOTE

Check Details

Version: 1.0.3
Check: C++ specification
Result: NOTE Specified C++11: please drop specification unless essential Flavors: r-devel-linux-x86_64-debian-clang, r-devel-linux-x86_64-debian-gcc, r-devel-linux-x86_64-fedora-clang, r-devel-linux-x86_64-fedora-gcc, r-devel-windows-x86_64, r-patched-linux-x86_64, r-release-linux-x86_64, r-release-macos-arm64, r-release-macos-x86_64, r-release-windows-x86_64, r-oldrel-macos-arm64, r-oldrel-macos-x86_64, r-oldrel-windows-x86_64