CRAN Package Check Results for Package stepR

Last updated on 2025-06-22 21:51:11 CEST.

Flavor Version Tinstall Tcheck Ttotal Status Flags
r-devel-linux-x86_64-debian-clang 2.1-10 129.66 275.58 405.24 OK
r-devel-linux-x86_64-debian-gcc 2.1-10 90.15 171.30 261.45 OK
r-devel-linux-x86_64-fedora-clang 2.1-10 721.39 OK
r-devel-linux-x86_64-fedora-gcc 2.1-10 679.04 OK
r-devel-windows-x86_64 2.1-10 159.00 319.00 478.00 OK
r-patched-linux-x86_64 2.1-10 126.31 259.24 385.55 OK
r-release-linux-x86_64 2.1-10 123.07 260.57 383.64 OK
r-release-macos-arm64 2.1-10 213.00 OK
r-release-macos-x86_64 2.1-10 351.00 OK
r-release-windows-x86_64 2.1-10 146.00 313.00 459.00 OK
r-oldrel-macos-arm64 2.1-10 172.00 NOTE
r-oldrel-macos-x86_64 2.1-10 305.00 NOTE
r-oldrel-windows-x86_64 2.1-10 182.00 421.00 603.00 OK

Check Details

Version: 2.1-10
Check: installed package size
Result: NOTE installed size is 6.6Mb sub-directories of 1Mb or more: libs 5.4Mb Flavors: r-oldrel-macos-arm64, r-oldrel-macos-x86_64