CRAN Package Check Results for Package stepPlr

Last updated on 2025-05-03 21:51:33 CEST.

Flavor Version Tinstall Tcheck Ttotal Status Flags
r-devel-linux-x86_64-debian-clang 0.93 4.25 25.72 29.97 NOTE
r-devel-linux-x86_64-debian-gcc 0.93 2.97 19.43 22.40 NOTE
r-devel-linux-x86_64-fedora-clang 0.93 46.45 OK
r-devel-linux-x86_64-fedora-gcc 0.93 44.95 OK
r-devel-windows-x86_64 0.93 6.00 48.00 54.00 OK
r-patched-linux-x86_64 0.93 3.97 24.09 28.06 OK
r-release-linux-x86_64 OK
r-release-macos-arm64 0.93 24.00 OK
r-release-macos-x86_64 0.93 32.00 OK
r-release-windows-x86_64 0.93 11.00 51.00 62.00 OK
r-oldrel-macos-arm64 0.93 19.00 OK
r-oldrel-macos-x86_64 0.93 30.00 OK
r-oldrel-windows-x86_64 0.93 6.00 47.00 53.00 OK

Check Details

Version: 0.93
Check: CRAN incoming feasibility
Result: NOTE Maintainer: ‘Mee Young Park <meeyoung@google.com>’ No Authors@R field in DESCRIPTION. Please add one, modifying Authors@R: c(person(given = c("Mee", "Young"), family = "Park", role = c("aut", "cre"), email = "meeyoung@google.com"), person(given = "Trevor", family = "Hastie", role = "aut")) as necessary. Flavors: r-devel-linux-x86_64-debian-clang, r-devel-linux-x86_64-debian-gcc