CRAN Package Check Results for Package stepPenal

Last updated on 2025-05-03 21:51:33 CEST.

Flavor Version Tinstall Tcheck Ttotal Status Flags
r-devel-linux-x86_64-debian-clang 0.2 2.71 24.13 26.84 NOTE
r-devel-linux-x86_64-debian-gcc 0.2 2.16 19.40 21.56 NOTE
r-devel-linux-x86_64-fedora-clang 0.2 42.46 NOTE
r-devel-linux-x86_64-fedora-gcc 0.2 41.48 NOTE
r-devel-windows-x86_64 0.2 5.00 46.00 51.00 NOTE
r-patched-linux-x86_64 0.2 2.93 23.30 26.23 NOTE
r-release-linux-x86_64 NOTE
r-release-macos-arm64 0.2 19.00 NOTE
r-release-macos-x86_64 0.2 31.00 NOTE
r-release-windows-x86_64 0.2 4.00 45.00 49.00 NOTE
r-oldrel-macos-arm64 0.2 18.00 NOTE
r-oldrel-macos-x86_64 0.2 24.00 NOTE
r-oldrel-windows-x86_64 0.2 6.00 52.00 58.00 NOTE

Check Details

Version: 0.2
Check: CRAN incoming feasibility
Result: NOTE Maintainer: ‘Eleni Vradi <vradi.eleni@gmail.com>’ No Authors@R field in DESCRIPTION. Please add one, modifying Authors@R: person(given = "Eleni", family = "Vradi", role = c("aut", "cre"), email = "vradi.eleni@gmail.com") as necessary. Flavors: r-devel-linux-x86_64-debian-clang, r-devel-linux-x86_64-debian-gcc

Version: 0.2
Check: Rd files
Result: NOTE checkRd: (-1) tuneParam.Rd:28: Lost braces; missing escapes or markup? 28 | It supports the BFGS optimization method ('QN') from the optim {stats} function, the Hooke-Jeeves derivative-free | ^ checkRd: (-1) tuneParamCL2.Rd:28: Lost braces; missing escapes or markup? 28 | It supports the BFGS optimization method ('QN') from the optim {stats} function, the Hooke-Jeeves derivative-free | ^ Flavors: r-devel-linux-x86_64-debian-clang, r-devel-linux-x86_64-debian-gcc, r-devel-linux-x86_64-fedora-clang, r-devel-linux-x86_64-fedora-gcc, r-devel-windows-x86_64, r-patched-linux-x86_64, r-release-linux-x86_64, r-release-macos-arm64, r-release-macos-x86_64, r-release-windows-x86_64, r-oldrel-macos-arm64, r-oldrel-macos-x86_64, r-oldrel-windows-x86_64

Version: 0.2
Check: LazyData
Result: NOTE 'LazyData' is specified without a 'data' directory Flavors: r-oldrel-macos-arm64, r-oldrel-macos-x86_64, r-oldrel-windows-x86_64