Last updated on 2025-01-16 19:48:41 CET.
Flavor | Version | Tinstall | Tcheck | Ttotal | Status | Flags |
---|---|---|---|---|---|---|
r-devel-linux-x86_64-debian-clang | 1.0.1 | 152.78 | 137.66 | 290.44 | OK | |
r-devel-linux-x86_64-debian-gcc | 1.0.1 | 142.36 | 100.94 | 243.30 | OK | |
r-devel-linux-x86_64-fedora-clang | 1.0.1 | 456.14 | OK | |||
r-devel-linux-x86_64-fedora-gcc | 1.0.1 | 659.26 | OK | |||
r-devel-windows-x86_64 | 1.0.1 | 161.00 | 157.00 | 318.00 | OK | |
r-patched-linux-x86_64 | 1.0.1 | 197.18 | 130.44 | 327.62 | OK | |
r-release-linux-x86_64 | 1.0.1 | 194.70 | 131.89 | 326.59 | OK | |
r-release-macos-arm64 | 1.0.1 | 121.00 | NOTE | |||
r-release-macos-x86_64 | 1.0.1 | 219.00 | NOTE | |||
r-release-windows-x86_64 | 1.0.1 | 150.00 | 162.00 | 312.00 | NOTE | |
r-oldrel-macos-arm64 | 1.0.1 | 183.00 | NOTE | |||
r-oldrel-macos-x86_64 | 1.0.1 | 289.00 | NOTE | |||
r-oldrel-windows-x86_64 | 1.0.1 | 200.00 | 210.00 | 410.00 | NOTE |
Version: 1.0.1
Check: installed package size
Result: NOTE
installed size is 94.3Mb
sub-directories of 1Mb or more:
libs 93.2Mb
Flavors: r-release-macos-arm64, r-release-macos-x86_64, r-release-windows-x86_64, r-oldrel-macos-arm64, r-oldrel-macos-x86_64, r-oldrel-windows-x86_64