Last updated on 2024-04-19 20:56:53 CEST.
Flavor | Version | Tinstall | Tcheck | Ttotal | Status | Flags |
---|---|---|---|---|---|---|
r-devel-linux-x86_64-debian-clang | 0.1.4 | 7.88 | 52.07 | 59.95 | OK | |
r-devel-linux-x86_64-debian-gcc | 0.1.4 | OK | ||||
r-devel-linux-x86_64-fedora-clang | 0.1.4 | 75.75 | NOTE | |||
r-devel-linux-x86_64-fedora-gcc | 0.1.4 | 70.42 | NOTE | |||
r-prerel-macos-arm64 | 0.1.4 | 27.00 | OK | |||
r-prerel-windows-x86_64 | 0.1.4 | 7.00 | 58.00 | 65.00 | OK | |
r-patched-linux-x86_64 | 0.1.4 | 5.62 | 49.73 | 55.35 | OK | |
r-release-linux-x86_64 | 0.1.4 | 3.83 | 50.65 | 54.48 | OK | |
r-release-macos-arm64 | 0.1.4 | 24.00 | OK | |||
r-release-macos-x86_64 | 0.1.4 | 37.00 | OK | |||
r-release-windows-x86_64 | 0.1.4 | 8.00 | 63.00 | 71.00 | OK | |
r-oldrel-macos-arm64 | 0.1.4 | 26.00 | NOTE | |||
r-oldrel-windows-x86_64 | 0.1.4 | 9.00 | 69.00 | 78.00 | OK |
Version: 0.1.4
Check: dependencies in R code
Result: NOTE
Namespace in Imports field not imported from: ‘tibble’
All declared Imports should be used.
Flavors: r-devel-linux-x86_64-fedora-clang, r-devel-linux-x86_64-fedora-gcc, r-oldrel-macos-arm64