CRAN Package Check Results for Package statquotes

Last updated on 2024-02-25 19:50:13 CET.

Flavor Version Tinstall Tcheck Ttotal Status Flags
r-devel-linux-x86_64-debian-clang 0.3.2 11.96 108.51 120.47 OK
r-devel-linux-x86_64-debian-gcc 0.3.2 9.19 80.25 89.44 OK
r-devel-linux-x86_64-fedora-clang 0.3.2 143.76 NOTE
r-devel-linux-x86_64-fedora-gcc 0.3.2 151.83 NOTE
r-devel-windows-x86_64 0.3.2 10.00 93.00 103.00 OK
r-patched-linux-x86_64 0.3.2 15.10 103.29 118.39 OK
r-release-linux-x86_64 0.3.2 8.58 104.73 113.31 OK
r-release-macos-arm64 0.3.2 63.00 OK
r-release-macos-x86_64 0.3.2 102.00 OK
r-release-windows-x86_64 0.3.2 12.00 113.00 125.00 OK
r-oldrel-macos-arm64 0.3.2 53.00 OK
r-oldrel-windows-x86_64 0.3.2 13.00 116.00 129.00 OK

Check Details

Version: 0.3.2
Check: Rd cross-references
Result: NOTE Undeclared package ‘fortunes’ in Rd xrefs Flavor: r-devel-linux-x86_64-fedora-clang

Version: 0.3.2
Check: data for non-ASCII characters
Result: NOTE Note: found 1 marked UTF-8 string Flavors: r-devel-linux-x86_64-fedora-clang, r-devel-linux-x86_64-fedora-gcc