Last updated on 2024-03-28 19:48:47 CET.
Flavor | Version | Tinstall | Tcheck | Ttotal | Status | Flags |
---|---|---|---|---|---|---|
r-devel-linux-x86_64-debian-clang | 1.5.0 | 6.91 | 46.42 | 53.33 | OK | |
r-devel-linux-x86_64-debian-gcc | 1.5.0 | 5.28 | 35.10 | 40.38 | OK | |
r-devel-linux-x86_64-fedora-clang | 1.5.0 | 66.31 | OK | |||
r-devel-linux-x86_64-fedora-gcc | 1.5.0 | 68.54 | OK | |||
r-devel-windows-x86_64 | 1.5.0 | 9.00 | 66.00 | 75.00 | OK | |
r-patched-linux-x86_64 | 1.5.0 | 8.33 | 44.54 | 52.87 | OK | |
r-release-linux-x86_64 | 1.5.0 | 7.68 | 45.50 | 53.18 | OK | |
r-release-macos-arm64 | 1.5.0 | 28.00 | OK | |||
r-release-macos-x86_64 | 1.5.0 | 41.00 | NOTE | |||
r-release-windows-x86_64 | 1.5.0 | 12.00 | 83.00 | 95.00 | OK | |
r-oldrel-macos-arm64 | 1.5.0 | 25.00 | OK | |||
r-oldrel-windows-x86_64 | 1.5.0 | 11.00 | 67.00 | 78.00 | OK |
Version: 1.5.0
Check: package dependencies
Result: NOTE
Package suggested but not available for checking: ‘tweedie’
Flavor: r-release-macos-x86_64
Version: 1.5.0
Check: Rd cross-references
Result: NOTE
Package unavailable to check Rd xrefs: ‘tweedie’
Flavor: r-release-macos-x86_64