CRAN Package Check Results for Package statisfactory

Last updated on 2022-09-24 21:51:15 CEST.

Flavor Version Tinstall Tcheck Ttotal Status Flags
r-devel-linux-x86_64-debian-clang 1.0.1 3.94 37.11 41.05 NOTE
r-devel-linux-x86_64-debian-gcc 1.0.1 2.29 28.48 30.77 NOTE
r-devel-linux-x86_64-fedora-clang 1.0.1 59.78 NOTE
r-devel-linux-x86_64-fedora-gcc 1.0.1 60.11 NOTE
r-devel-windows-x86_64 1.0.1 32.00 64.00 96.00 NOTE
r-patched-linux-x86_64 1.0.1 4.09 35.85 39.94 OK
r-release-linux-x86_64 1.0.1 2.75 35.25 38.00 OK
r-release-macos-arm64 1.0.1 19.00 OK
r-release-macos-x86_64 1.0.1 27.00 OK
r-release-windows-x86_64 1.0.1 25.00 59.00 84.00 OK
r-oldrel-macos-arm64 1.0.1 21.00 OK
r-oldrel-macos-x86_64 1.0.1 26.00 OK
r-oldrel-windows-ix86+x86_64 1.0.1 8.00 60.00 68.00 OK

Check Details

Version: 1.0.1
Check: package subdirectories
Result: NOTE
    Problems with news in 'NEWS.md':
    No news entries found.
Flavors: r-devel-linux-x86_64-debian-clang, r-devel-linux-x86_64-debian-gcc, r-devel-linux-x86_64-fedora-clang, r-devel-linux-x86_64-fedora-gcc, r-devel-windows-x86_64