Last updated on 2024-08-15 20:48:28 CEST.
Flavor | Version | Tinstall | Tcheck | Ttotal | Status | Flags |
---|---|---|---|---|---|---|
r-devel-linux-x86_64-debian-clang | 1.0.13 | 9.18 | 195.88 | 205.06 | NOTE | |
r-devel-linux-x86_64-debian-gcc | 1.0.13 | 6.71 | 134.37 | 141.08 | NOTE | |
r-devel-linux-x86_64-fedora-clang | 1.0.13 | 336.63 | NOTE | |||
r-devel-linux-x86_64-fedora-gcc | 1.0.13 | 336.91 | NOTE | |||
r-devel-windows-x86_64 | 1.0.13 | 12.00 | 192.00 | 204.00 | NOTE | |
r-patched-linux-x86_64 | 1.0.13 | 10.30 | 189.48 | 199.78 | NOTE | |
r-release-linux-x86_64 | 1.0.13 | 9.80 | 192.57 | 202.37 | NOTE | |
r-release-macos-arm64 | 1.0.13 | 97.00 | NOTE | |||
r-release-macos-x86_64 | 1.0.13 | 160.00 | NOTE | |||
r-release-windows-x86_64 | 1.0.13 | 12.00 | 191.00 | 203.00 | NOTE | |
r-oldrel-macos-arm64 | 1.0.13 | 106.00 | NOTE | |||
r-oldrel-macos-x86_64 | 1.0.13 | 283.00 | NOTE | |||
r-oldrel-windows-x86_64 | 1.0.13 | 15.00 | 241.00 | 256.00 | NOTE |
Version: 1.0.13
Check: package dependencies
Result: NOTE
Package suggested but not available for checking: ‘asreml’
Flavors: r-devel-linux-x86_64-debian-clang, r-devel-linux-x86_64-debian-gcc, r-devel-linux-x86_64-fedora-clang, r-devel-linux-x86_64-fedora-gcc, r-devel-windows-x86_64, r-patched-linux-x86_64, r-release-linux-x86_64, r-release-macos-arm64, r-release-macos-x86_64, r-release-windows-x86_64, r-oldrel-macos-arm64, r-oldrel-macos-x86_64, r-oldrel-windows-x86_64
Version: 1.0.13
Check: dependencies in R code
Result: NOTE
Namespace in Imports field not imported from: ‘mapproj’
All declared Imports should be used.
Flavors: r-devel-linux-x86_64-fedora-clang, r-devel-linux-x86_64-fedora-gcc