Last updated on 2024-03-28 19:48:47 CET.
Flavor | Version | Tinstall | Tcheck | Ttotal | Status | Flags |
---|---|---|---|---|---|---|
r-devel-linux-x86_64-debian-clang | 1.0.7 | 118.83 | 113.68 | 232.51 | OK | |
r-devel-linux-x86_64-debian-gcc | 1.0.7 | 82.23 | 88.47 | 170.70 | OK | |
r-devel-linux-x86_64-fedora-clang | 1.0.7 | 340.92 | NOTE | |||
r-devel-linux-x86_64-fedora-gcc | 1.0.7 | 338.71 | NOTE | |||
r-devel-windows-x86_64 | 1.0.7 | 90.00 | 138.00 | 228.00 | OK | |
r-patched-linux-x86_64 | 1.0.7 | 88.50 | 114.89 | 203.39 | OK | |
r-release-linux-x86_64 | 1.0.7 | 82.26 | 112.77 | 195.03 | OK | |
r-release-macos-arm64 | 1.0.7 | 81.00 | NOTE | |||
r-release-macos-x86_64 | 1.0.7 | 150.00 | NOTE | |||
r-release-windows-x86_64 | 1.0.7 | 114.00 | 170.00 | 284.00 | OK | |
r-oldrel-macos-arm64 | 1.0.7 | 85.00 | NOTE | |||
r-oldrel-windows-x86_64 | 1.0.7 | 105.00 | 166.00 | 271.00 | OK |
Version: 1.0.7
Check: dependencies in R code
Result: NOTE
Namespace in Imports field not imported from: ‘statgenGWAS’
All declared Imports should be used.
Flavors: r-devel-linux-x86_64-fedora-clang, r-devel-linux-x86_64-fedora-gcc
Version: 1.0.7
Check: installed package size
Result: NOTE
installed size is 7.3Mb
sub-directories of 1Mb or more:
extdata 2.4Mb
libs 4.2Mb
Flavors: r-release-macos-arm64, r-release-macos-x86_64, r-oldrel-macos-arm64