Last updated on 2025-11-23 20:49:03 CET.
| Flavor | Version | Tinstall | Tcheck | Ttotal | Status | Flags |
|---|---|---|---|---|---|---|
| r-devel-linux-x86_64-debian-clang | 1.0.9 | 65.74 | 100.66 | 166.40 | OK | |
| r-devel-linux-x86_64-debian-gcc | 1.0.9 | 41.25 | 71.83 | 113.08 | OK | |
| r-devel-linux-x86_64-fedora-clang | 1.0.9 | 153.00 | 148.83 | 301.83 | NOTE | |
| r-devel-linux-x86_64-fedora-gcc | 1.0.9 | 97.00 | 180.42 | 277.42 | NOTE | |
| r-devel-windows-x86_64 | 1.0.9 | 105.00 | 179.00 | 284.00 | OK | |
| r-patched-linux-x86_64 | 1.0.9 | 66.99 | 93.52 | 160.51 | OK | |
| r-release-linux-x86_64 | 1.0.9 | 64.48 | 93.90 | 158.38 | OK | |
| r-release-macos-arm64 | 1.0.9 | OK | ||||
| r-release-macos-x86_64 | 1.0.9 | 16.00 | 61.00 | 77.00 | OK | |
| r-release-windows-x86_64 | 1.0.9 | 86.00 | 193.00 | 279.00 | OK | |
| r-oldrel-macos-arm64 | 1.0.9 | NOTE | ||||
| r-oldrel-macos-x86_64 | 1.0.9 | 17.00 | 72.00 | 89.00 | NOTE | |
| r-oldrel-windows-x86_64 | 1.0.9 | 100.00 | 233.00 | 333.00 | OK |
Version: 1.0.9
Check: dependencies in R code
Result: NOTE
Namespace in Imports field not imported from: ‘statgenGWAS’
All declared Imports should be used.
Flavors: r-devel-linux-x86_64-fedora-clang, r-devel-linux-x86_64-fedora-gcc
Version: 1.0.9
Check: installed package size
Result: NOTE
installed size is 7.5Mb
sub-directories of 1Mb or more:
extdata 2.4Mb
libs 4.2Mb
Flavors: r-oldrel-macos-arm64, r-oldrel-macos-x86_64