Last updated on 2024-04-25 20:48:40 CEST.
Flavor | Version | Tinstall | Tcheck | Ttotal | Status | Flags |
---|---|---|---|---|---|---|
r-devel-linux-x86_64-debian-clang | 0.2.2 | 7.94 | 113.38 | 121.32 | NOTE | |
r-devel-linux-x86_64-debian-gcc | 0.2.2 | 8.83 | 84.15 | 92.98 | NOTE | |
r-devel-linux-x86_64-fedora-clang | 0.2.2 | 153.09 | NOTE | |||
r-devel-linux-x86_64-fedora-gcc | 0.2.2 | 158.01 | NOTE | |||
r-devel-windows-x86_64 | 0.2.2 | 10.00 | 96.00 | 106.00 | NOTE | |
r-patched-linux-x86_64 | 0.2.2 | 7.38 | 110.08 | 117.46 | NOTE | |
r-release-linux-x86_64 | 0.2.2 | 9.64 | 107.86 | 117.50 | OK | |
r-release-macos-arm64 | 0.2.2 | 52.00 | NOTE | |||
r-release-windows-x86_64 | 0.2.2 | 10.00 | 97.00 | 107.00 | NOTE | |
r-oldrel-macos-arm64 | 0.2.2 | 56.00 | OK | |||
r-oldrel-macos-x86_64 | 0.2.2 | 88.00 | OK | |||
r-oldrel-windows-x86_64 | 0.2.2 | 13.00 | 116.00 | 129.00 | OK |
Version: 0.2.2
Check: Rd files
Result: NOTE
checkRd: (-1) standardize.Rd:94: Lost braces; missing escapes or markup?
94 | take on values {-0.5, 0, 0.5} rather than {-1, 0, 1}, the standard deviation
| ^
checkRd: (-1) standardize.Rd:94: Lost braces; missing escapes or markup?
94 | take on values {-0.5, 0, 0.5} rather than {-1, 0, 1}, the standard deviation
| ^
Flavors: r-devel-linux-x86_64-debian-clang, r-devel-linux-x86_64-debian-gcc, r-devel-linux-x86_64-fedora-clang, r-devel-linux-x86_64-fedora-gcc, r-devel-windows-x86_64, r-patched-linux-x86_64, r-release-macos-arm64, r-release-windows-x86_64