Last updated on 2023-06-02 22:01:26 CEST.
Flavor | Version | Tinstall | Tcheck | Ttotal | Status | Flags |
---|---|---|---|---|---|---|
r-devel-linux-x86_64-debian-clang | 0.6.0.7 | 30.20 | 309.35 | 339.55 | OK | |
r-devel-linux-x86_64-debian-gcc | 0.6.0.7 | 23.47 | 231.13 | 254.60 | OK | |
r-devel-linux-x86_64-fedora-clang | 0.6.0.7 | 449.42 | NOTE | |||
r-devel-linux-x86_64-fedora-gcc | 0.6.0.7 | 406.25 | NOTE | |||
r-devel-windows-x86_64 | 0.6.0.7 | 28.00 | 272.00 | 300.00 | OK | |
r-patched-linux-x86_64 | 0.6.0.7 | OK | ||||
r-release-linux-x86_64 | 0.6.0.7 | 27.76 | 289.16 | 316.92 | OK | |
r-release-macos-arm64 | 0.6.0.7 | 105.00 | ERROR | |||
r-release-macos-x86_64 | 0.6.0.7 | 202.00 | OK | |||
r-release-windows-x86_64 | 0.6.0.7 | 36.00 | 340.00 | 376.00 | OK | |
r-oldrel-macos-arm64 | 0.6.0.7 | 112.00 | ERROR | |||
r-oldrel-macos-x86_64 | 0.6.0.7 | 148.00 | NOTE | |||
r-oldrel-windows-x86_64 | 0.6.0.7 | 37.00 | 313.00 | 350.00 | OK |
Version: 0.6.0.7
Check: data for non-ASCII characters
Result: NOTE
Note: found 40748 marked UTF-8 strings
Flavors: r-devel-linux-x86_64-fedora-clang, r-devel-linux-x86_64-fedora-gcc, r-oldrel-macos-x86_64
Version: 0.6.0.7
Check: re-building of vignette outputs
Result: ERROR
Error(s) in re-building vignettes:
...
--- re-building ‘stacomir.Rmd’ using rmarkdown
Quitting from lines 302-324 (stacomir.Rmd)
Error: processing vignette 'stacomir.Rmd' failed with diagnostics:
duplicated values in No.pas
--- failed re-building ‘stacomir.Rmd’
SUMMARY: processing the following file failed:
‘stacomir.Rmd’
Error: Vignette re-building failed.
Execution halted
Flavor: r-release-macos-arm64
Version: 0.6.0.7
Check: re-building of vignette outputs
Result: ERROR
Error(s) in re-building vignettes:
...
--- re-building ‘stacomir.Rmd’ using rmarkdown
Quitting from lines 302-324 [rmmstd] (stacomir.Rmd)
Error: processing vignette 'stacomir.Rmd' failed with diagnostics:
duplicated values in No.pas
--- failed re-building ‘stacomir.Rmd’
SUMMARY: processing the following file failed:
‘stacomir.Rmd’
Error: Vignette re-building failed.
Execution halted
Flavor: r-oldrel-macos-arm64