Last updated on 2024-04-19 20:56:53 CEST.
Flavor | Version | Tinstall | Tcheck | Ttotal | Status | Flags |
---|---|---|---|---|---|---|
r-devel-linux-x86_64-debian-clang | 0.7-1 | 3.08 | 94.23 | 97.31 | NOTE | |
r-devel-linux-x86_64-debian-gcc | 0.7-1 | NOTE | ||||
r-devel-linux-x86_64-fedora-clang | 0.7-1 | 118.64 | NOTE | |||
r-devel-linux-x86_64-fedora-gcc | 0.7-1 | 112.89 | NOTE | |||
r-prerel-macos-arm64 | 0.7-1 | 22.00 | NOTE | |||
r-prerel-windows-x86_64 | 0.7-1 | 4.00 | 85.00 | 89.00 | NOTE | |
r-patched-linux-x86_64 | 0.7-1 | 2.83 | 91.76 | 94.59 | NOTE | |
r-release-linux-x86_64 | 0.7-1 | 2.75 | 86.59 | 89.34 | NOTE | |
r-release-macos-arm64 | 0.7-1 | 30.00 | NOTE | |||
r-release-macos-x86_64 | 0.7-1 | 52.00 | NOTE | |||
r-release-windows-x86_64 | 0.7-1 | 4.00 | 95.00 | 99.00 | NOTE | |
r-oldrel-macos-arm64 | 0.7-1 | 30.00 | NOTE | |||
r-oldrel-windows-x86_64 | 0.7-1 | 4.00 | 98.00 | 102.00 | NOTE |
Version: 0.7-1
Check: LazyData
Result: NOTE
'LazyData' is specified without a 'data' directory
Flavors: r-devel-linux-x86_64-debian-clang, r-devel-linux-x86_64-debian-gcc, r-devel-linux-x86_64-fedora-clang, r-devel-linux-x86_64-fedora-gcc, r-prerel-macos-arm64, r-prerel-windows-x86_64, r-patched-linux-x86_64, r-release-linux-x86_64, r-release-macos-arm64, r-release-macos-x86_64, r-release-windows-x86_64, r-oldrel-macos-arm64, r-oldrel-windows-x86_64