Last updated on 2025-11-23 20:49:03 CET.
| Flavor | Version | Tinstall | Tcheck | Ttotal | Status | Flags |
|---|---|---|---|---|---|---|
| r-devel-linux-x86_64-debian-clang | 1.3 | 2.77 | 33.78 | 36.55 | NOTE | |
| r-devel-linux-x86_64-debian-gcc | 1.3 | 1.94 | 24.33 | 26.27 | NOTE | |
| r-devel-linux-x86_64-fedora-clang | 1.3 | 52.87 | OK | |||
| r-devel-linux-x86_64-fedora-gcc | 1.3 | 49.36 | OK | |||
| r-devel-windows-x86_64 | 1.3 | 3.00 | 53.00 | 56.00 | OK | |
| r-patched-linux-x86_64 | 1.3 | 2.91 | 31.09 | 34.00 | OK | |
| r-release-linux-x86_64 | 1.3 | 2.51 | 30.60 | 33.11 | OK | |
| r-release-macos-arm64 | 1.3 | OK | ||||
| r-release-macos-x86_64 | 1.3 | 2.00 | 32.00 | 34.00 | OK | |
| r-release-windows-x86_64 | 1.3 | 4.00 | 53.00 | 57.00 | OK | |
| r-oldrel-macos-arm64 | 1.3 | OK | ||||
| r-oldrel-macos-x86_64 | 1.3 | 2.00 | 33.00 | 35.00 | OK | |
| r-oldrel-windows-x86_64 | 1.3 | 3.00 | 54.00 | 57.00 | OK |
Version: 1.3
Check: CRAN incoming feasibility
Result: NOTE
Maintainer: ‘Megan Orr <megan.orr@ndsu.edu>’
No Authors@R field in DESCRIPTION.
Please add one, modifying
Authors@R: c(person(given = "Megan",
family = "Orr",
role = c("aut", "cre"),
email = "megan.orr@ndsu.edu"),
person(given = "Peng",
family = "Liu",
role = "aut"))
as necessary.
Flavors: r-devel-linux-x86_64-debian-clang, r-devel-linux-x86_64-debian-gcc