CRAN Package Check Results for Package ssh

Last updated on 2022-12-02 20:53:27 CET.

Flavor Version Tinstall Tcheck Ttotal Status Flags
r-devel-linux-x86_64-debian-clang 0.8.2 4.44 29.22 33.66 OK
r-devel-linux-x86_64-debian-gcc 0.8.2 3.89 23.04 26.93 OK
r-devel-linux-x86_64-fedora-clang 0.8.2 54.96 OK
r-devel-linux-x86_64-fedora-gcc 0.8.2 52.76 OK
r-devel-windows-x86_64 0.8.2 25.00 87.00 112.00 OK
r-patched-linux-x86_64 0.8.2 4.40 28.18 32.58 OK
r-release-linux-x86_64 0.8.2 4.28 28.73 33.01 OK
r-release-macos-arm64 0.8.2 23.00 OK
r-release-macos-x86_64 0.8.2 30.00 OK
r-release-windows-x86_64 0.8.2 30.00 94.00 124.00 OK
r-oldrel-macos-arm64 0.8.2 24.00 OK
r-oldrel-macos-x86_64 0.8.2 35.00 OK
r-oldrel-windows-ix86+x86_64 0.8.2 35.00 86.00 121.00 NOTE

Check Details

Version: 0.8.2
Check: installed package size
Result: NOTE
     installed size is 6.6Mb
     sub-directories of 1Mb or more:
     libs 5.6Mb
Flavor: r-oldrel-windows-ix86+x86_64