Last updated on 2025-05-03 21:51:33 CEST.
Flavor | Version | Tinstall | Tcheck | Ttotal | Status | Flags |
---|---|---|---|---|---|---|
r-devel-linux-x86_64-debian-clang | 0.4-11 | 5.44 | 45.99 | 51.43 | NOTE | |
r-devel-linux-x86_64-debian-gcc | 0.4-11 | 4.33 | 35.95 | 40.28 | NOTE | |
r-devel-linux-x86_64-fedora-clang | 0.4-11 | 82.55 | NOTE | |||
r-devel-linux-x86_64-fedora-gcc | 0.4-11 | 77.47 | NOTE | |||
r-devel-windows-x86_64 | 0.4-11 | 6.00 | 60.00 | 66.00 | NOTE | |
r-patched-linux-x86_64 | 0.4-11 | 5.53 | 42.71 | 48.24 | NOTE | |
r-release-linux-x86_64 | NOTE | |||||
r-release-macos-arm64 | 0.4-11 | 55.00 | NOTE | |||
r-release-macos-x86_64 | 0.4-11 | 156.00 | NOTE | |||
r-release-windows-x86_64 | 0.4-11 | 7.00 | 59.00 | 66.00 | NOTE | |
r-oldrel-macos-arm64 | 0.4-11 | 33.00 | NOTE | |||
r-oldrel-macos-x86_64 | 0.4-11 | 43.00 | NOTE | |||
r-oldrel-windows-x86_64 | 0.4-11 | 8.00 | 72.00 | 80.00 | NOTE |
Version: 0.4-11
Check: CRAN incoming feasibility
Result: NOTE
Maintainer: ‘G. Grothendieck <ggrothendieck@gmail.com>’
No Authors@R field in DESCRIPTION.
Please add one, modifying
Authors@R: person(given = "G.",
family = "Grothendieck",
role = c("aut", "cre"),
email = "ggrothendieck@gmail.com")
as necessary.
Flavors: r-devel-linux-x86_64-debian-clang, r-devel-linux-x86_64-debian-gcc
Version: 0.4-11
Check: Rd files
Result: NOTE
checkRd: (-1) sqldf.Rd:248: Lost braces
248 | and code{port} arguments of sqldf.
| ^
Flavors: r-devel-linux-x86_64-debian-clang, r-devel-linux-x86_64-debian-gcc, r-devel-linux-x86_64-fedora-clang, r-devel-linux-x86_64-fedora-gcc, r-devel-windows-x86_64, r-patched-linux-x86_64, r-release-linux-x86_64, r-release-macos-arm64, r-release-macos-x86_64, r-release-windows-x86_64, r-oldrel-macos-arm64, r-oldrel-macos-x86_64, r-oldrel-windows-x86_64