Last updated on 2024-03-28 19:48:46 CET.
Flavor | Version | Tinstall | Tcheck | Ttotal | Status | Flags |
---|---|---|---|---|---|---|
r-devel-linux-x86_64-debian-clang | 2.2.4 | 8.64 | 79.38 | 88.02 | NOTE | |
r-devel-linux-x86_64-debian-gcc | 2.2.4 | 7.47 | 61.25 | 68.72 | NOTE | |
r-devel-linux-x86_64-fedora-clang | 2.2.4 | 114.82 | NOTE | |||
r-devel-linux-x86_64-fedora-gcc | 2.2.4 | 107.97 | NOTE | |||
r-devel-windows-x86_64 | 2.2.4 | 10.00 | 91.00 | 101.00 | NOTE | |
r-patched-linux-x86_64 | 2.2.4 | 9.78 | 78.62 | 88.40 | NOTE | |
r-release-linux-x86_64 | 2.2.4 | 6.10 | 75.17 | 81.27 | OK | |
r-release-macos-arm64 | 2.2.4 | 32.00 | OK | |||
r-release-macos-x86_64 | 2.2.4 | 52.00 | OK | |||
r-release-windows-x86_64 | 2.2.4 | 12.00 | 104.00 | 116.00 | OK | |
r-oldrel-macos-arm64 | 2.2.4 | 34.00 | OK | |||
r-oldrel-windows-x86_64 | 2.2.4 | 13.00 | 89.00 | 102.00 | OK |
Version: 2.2.4
Check: Rd files
Result: NOTE
checkRd: (-1) get_my_currently_playing.Rd:15: Lost braces
15 | href{https://developer.spotify.com/documentation/general/guides/track-relinking-guide/}{Track Relinking}}
| ^
checkRd: (-1) get_my_currently_playing.Rd:15: Lost braces
15 | href{https://developer.spotify.com/documentation/general/guides/track-relinking-guide/}{Track Relinking}}
| ^
Flavors: r-devel-linux-x86_64-debian-clang, r-devel-linux-x86_64-debian-gcc, r-devel-linux-x86_64-fedora-clang, r-devel-linux-x86_64-fedora-gcc, r-devel-windows-x86_64, r-patched-linux-x86_64