Last updated on 2025-05-08 20:49:49 CEST.
Flavor | Version | Tinstall | Tcheck | Ttotal | Status | Flags |
---|---|---|---|---|---|---|
r-devel-linux-x86_64-debian-clang | 0.1.0 | 4.22 | 36.79 | 41.01 | NOTE | |
r-devel-linux-x86_64-debian-gcc | 0.1.0 | 3.26 | 27.13 | 30.39 | NOTE | |
r-devel-linux-x86_64-fedora-clang | 0.1.0 | 63.62 | OK | |||
r-devel-linux-x86_64-fedora-gcc | 0.1.0 | 72.55 | OK | |||
r-devel-windows-x86_64 | 0.1.0 | 6.00 | 54.00 | 60.00 | OK | |
r-patched-linux-x86_64 | 0.1.0 | 4.54 | 33.83 | 38.37 | OK | |
r-release-linux-x86_64 | 0.1.0 | 4.30 | 33.70 | 38.00 | OK | |
r-release-macos-arm64 | 0.1.0 | 28.00 | OK | |||
r-release-macos-x86_64 | 0.1.0 | 50.00 | OK | |||
r-release-windows-x86_64 | 0.1.0 | 5.00 | 57.00 | 62.00 | OK | |
r-oldrel-macos-arm64 | 0.1.0 | 28.00 | NOTE | |||
r-oldrel-macos-x86_64 | 0.1.0 | 44.00 | NOTE | |||
r-oldrel-windows-x86_64 | 0.1.0 | 7.00 | 63.00 | 70.00 | NOTE |
Version: 0.1.0
Check: CRAN incoming feasibility
Result: NOTE
Maintainer: ‘Lennard van Wanrooij <lennardvanwanrooij@gmail.com>’
No Authors@R field in DESCRIPTION.
Please add one, modifying
Authors@R: person(given = "Lennard",
family = "van Wanrooij",
role = c("aut", "cre"),
email = "lennardvanwanrooij@gmail.com")
as necessary.
Flavors: r-devel-linux-x86_64-debian-clang, r-devel-linux-x86_64-debian-gcc
Version: 0.1.0
Check: LazyData
Result: NOTE
'LazyData' is specified without a 'data' directory
Flavors: r-oldrel-macos-arm64, r-oldrel-macos-x86_64, r-oldrel-windows-x86_64