Last updated on 2023-10-04 20:42:41 CEST.
Flavor | Version | Tinstall | Tcheck | Ttotal | Status | Flags |
---|---|---|---|---|---|---|
r-devel-linux-x86_64-debian-clang | 1.2.2 | 12.46 | 90.04 | 102.50 | NOTE | |
r-devel-linux-x86_64-debian-gcc | 1.2.2 | 10.43 | 65.55 | 75.98 | NOTE | |
r-devel-linux-x86_64-fedora-clang | 1.2.2 | 125.23 | NOTE | |||
r-devel-linux-x86_64-fedora-gcc | 1.2.2 | 117.43 | NOTE | |||
r-devel-windows-x86_64 | 1.2.2 | 11.00 | 93.00 | 104.00 | NOTE | |
r-patched-linux-x86_64 | 1.2.2 | 16.81 | 83.60 | 100.41 | OK | |
r-release-linux-x86_64 | 1.2.2 | 12.95 | 84.84 | 97.79 | OK | |
r-release-macos-arm64 | 1.2.2 | 36.00 | OK | |||
r-release-macos-x86_64 | 1.2.2 | 56.00 | OK | |||
r-release-windows-x86_64 | 1.2.2 | 14.00 | 103.00 | 117.00 | OK | |
r-oldrel-macos-arm64 | 1.2.2 | 28.00 | OK | |||
r-oldrel-macos-x86_64 | 1.2.2 | 50.00 | OK | |||
r-oldrel-windows-x86_64 | 1.2.2 | 16.00 | 101.00 | 117.00 | OK |
Version: 1.2.2
Check: Rd \usage sections
Result: NOTE
Documented arguments not in \usage in documentation object 'obis_search':
‘scientificname’
Documented arguments not in \usage in documentation object 'spocc_objects':
‘n’
Functions with \usage entries need to have the appropriate \alias
entries, and all their arguments documented.
The \usage entries must correspond to syntactically valid R code.
See chapter ‘Writing R documentation files’ in the ‘Writing R
Extensions’ manual.
Flavors: r-devel-linux-x86_64-debian-clang, r-devel-linux-x86_64-debian-gcc, r-devel-linux-x86_64-fedora-clang, r-devel-linux-x86_64-fedora-gcc, r-devel-windows-x86_64