CRAN Package Check Results for Package splines2

Last updated on 2022-12-02 20:53:27 CET.

Flavor Version Tinstall Tcheck Ttotal Status Flags
r-devel-linux-x86_64-debian-clang 0.4.6 116.54 46.42 162.96 OK
r-devel-linux-x86_64-debian-gcc 0.4.6 90.95 36.21 127.16 OK
r-devel-linux-x86_64-fedora-clang 0.4.6 255.64 OK
r-devel-linux-x86_64-fedora-gcc 0.4.6 232.26 OK
r-devel-windows-x86_64 0.4.6 126.00 105.00 231.00 OK
r-patched-linux-x86_64 0.4.6 94.66 43.17 137.83 OK
r-release-linux-x86_64 0.4.6 103.67 44.61 148.28 OK
r-release-macos-arm64 0.4.6 62.00 NOTE
r-release-macos-x86_64 0.4.6 95.00 NOTE
r-release-windows-x86_64 0.4.6 124.00 115.00 239.00 OK
r-oldrel-macos-arm64 0.4.6 64.00 NOTE
r-oldrel-macos-x86_64 0.4.6 101.00 NOTE
r-oldrel-windows-ix86+x86_64 0.4.6 284.00 124.00 408.00 OK

Check Details

Version: 0.4.6
Check: installed package size
Result: NOTE
     installed size is 5.7Mb
     sub-directories of 1Mb or more:
     libs 4.2Mb
Flavors: r-release-macos-arm64, r-release-macos-x86_64, r-oldrel-macos-arm64, r-oldrel-macos-x86_64