Last updated on 2025-05-07 20:49:58 CEST.
Flavor | Version | Tinstall | Tcheck | Ttotal | Status | Flags |
---|---|---|---|---|---|---|
r-devel-linux-x86_64-debian-clang | 0.2.5 | 25.34 | 22.67 | 48.01 | NOTE | |
r-devel-linux-x86_64-debian-gcc | 0.2.5 | 18.71 | 18.46 | 37.17 | NOTE | |
r-devel-linux-x86_64-fedora-clang | 0.2.5 | 98.56 | OK | |||
r-devel-linux-x86_64-fedora-gcc | 0.2.5 | 89.86 | OK | |||
r-devel-windows-x86_64 | 0.2.5 | 31.00 | 61.00 | 92.00 | OK | |
r-patched-linux-x86_64 | 0.2.5 | 25.23 | 21.88 | 47.11 | OK | |
r-release-linux-x86_64 | 0.2.5 | 25.01 | 22.13 | 47.14 | OK | |
r-release-macos-arm64 | 0.2.5 | 26.00 | OK | |||
r-release-macos-x86_64 | 0.2.5 | 38.00 | OK | |||
r-release-windows-x86_64 | 0.2.5 | 34.00 | 61.00 | 95.00 | OK | |
r-oldrel-macos-arm64 | 0.2.5 | 34.00 | OK | |||
r-oldrel-macos-x86_64 | 0.2.5 | 33.00 | OK | |||
r-oldrel-windows-x86_64 | 0.2.5 | 34.00 | 75.00 | 109.00 | OK |
Version: 0.2.5
Check: CRAN incoming feasibility
Result: NOTE
Maintainer: ‘Bob Rudis <bob@rud.is>’
No Authors@R field in DESCRIPTION.
Please add one, modifying
Authors@R: c(person(given = "Bob",
family = "Rudis",
role = c("aut", "cre"),
email = "bob@rud.is",
comment = "bob@rud.is"),
person(family = "SEOmoz"),
person(family = "Inc",
role = "aut"))
as necessary.
Flavors: r-devel-linux-x86_64-debian-clang, r-devel-linux-x86_64-debian-gcc