Last updated on 2025-11-02 23:49:53 CET.
| Flavor | Version | Tinstall | Tcheck | Ttotal | Status | Flags |
|---|---|---|---|---|---|---|
| r-devel-linux-x86_64-debian-clang | 1.4.2 | 133.45 | 239.24 | 372.69 | OK | |
| r-devel-linux-x86_64-debian-gcc | 1.4.2 | 100.78 | 146.58 | 247.36 | OK | |
| r-devel-linux-x86_64-fedora-clang | 1.4.2 | 124.00 | 542.30 | 666.30 | OK | |
| r-devel-linux-x86_64-fedora-gcc | 1.4.2 | 172.00 | 500.03 | 672.03 | OK | |
| r-devel-windows-x86_64 | 1.4.2 | 159.00 | 529.00 | 688.00 | OK | |
| r-patched-linux-x86_64 | 1.4.2 | 151.39 | 227.67 | 379.06 | OK | |
| r-release-linux-x86_64 | 1.4.2 | 147.01 | 225.94 | 372.95 | OK | |
| r-release-macos-arm64 | 1.4.2 | 50.00 | 219.00 | 269.00 | OK | |
| r-release-macos-x86_64 | 1.4.2 | 50.00 | 410.00 | 460.00 | OK | |
| r-release-windows-x86_64 | 1.4.2 | 156.00 | 509.00 | 665.00 | OK | |
| r-oldrel-macos-arm64 | 1.4.2 | 47.00 | 260.00 | 307.00 | NOTE | |
| r-oldrel-macos-x86_64 | 1.4.2 | 49.00 | 404.00 | 453.00 | NOTE | |
| r-oldrel-windows-x86_64 | 1.4.2 | 185.00 | 613.00 | 798.00 | OK |
Version: 1.4.2
Check: installed package size
Result: NOTE
installed size is 17.4Mb
sub-directories of 1Mb or more:
libs 16.2Mb
Flavors: r-oldrel-macos-arm64, r-oldrel-macos-x86_64