CRAN Package Check Results for Package speedglm

Last updated on 2022-12-02 20:53:27 CET.

Flavor Version Tinstall Tcheck Ttotal Status Flags
r-devel-linux-x86_64-debian-clang 0.3-4 11.62 86.69 98.31 OK
r-devel-linux-x86_64-debian-gcc 0.3-4 8.76 65.86 74.62 OK
r-devel-linux-x86_64-fedora-clang 0.3-4 129.68 NOTE
r-devel-linux-x86_64-fedora-gcc 0.3-4 127.01 OK
r-devel-windows-x86_64 0.3-4 28.00 115.00 143.00 OK
r-patched-linux-x86_64 0.3-4 9.92 83.05 92.97 OK
r-release-linux-x86_64 0.3-4 9.27 83.14 92.41 OK
r-release-macos-arm64 0.3-4 33.00 OK
r-release-macos-x86_64 0.3-4 51.00 OK
r-release-windows-x86_64 0.3-4 26.00 115.00 141.00 OK
r-oldrel-macos-arm64 0.3-4 37.00 OK
r-oldrel-macos-x86_64 0.3-4 47.00 OK
r-oldrel-windows-ix86+x86_64 0.3-4 20.00 105.00 125.00 OK

Check Details

Version: 0.3-4
Check: Rd cross-references
Result: NOTE
    Undeclared package ‘biglm’ in Rd xrefs
Flavor: r-devel-linux-x86_64-fedora-clang