Last updated on 2024-07-17 20:57:12 CEST.
Flavor | Version | Tinstall | Tcheck | Ttotal | Status | Flags |
---|---|---|---|---|---|---|
r-devel-linux-x86_64-debian-clang | 0.3.0 | 8.12 | 112.43 | 120.55 | OK | |
r-devel-linux-x86_64-debian-gcc | 0.3.0 | 6.11 | 86.01 | 92.12 | OK | |
r-devel-linux-x86_64-fedora-clang | 0.3.0 | 150.18 | NOTE | |||
r-devel-linux-x86_64-fedora-gcc | 0.3.0 | 160.61 | NOTE | |||
r-devel-windows-x86_64 | 0.3.0 | 10.00 | 117.00 | 127.00 | OK | |
r-patched-linux-x86_64 | 0.3.0 | 7.98 | 106.77 | 114.75 | OK | |
r-release-linux-x86_64 | 0.3.0 | 4.89 | 109.59 | 114.48 | OK | |
r-release-macos-arm64 | 0.3.0 | 42.00 | OK | |||
r-release-macos-x86_64 | 0.3.0 | 90.00 | OK | |||
r-release-windows-x86_64 | 0.3.0 | 10.00 | 118.00 | 128.00 | OK | |
r-oldrel-macos-arm64 | 0.3.0 | 48.00 | OK | |||
r-oldrel-macos-x86_64 | 0.3.0 | 94.00 | OK | |||
r-oldrel-windows-x86_64 | 0.3.0 | 14.00 | 142.00 | 156.00 | OK |
Version: 0.3.0
Check: data for non-ASCII characters
Result: NOTE
Note: found 2 marked UTF-8 strings
Flavors: r-devel-linux-x86_64-fedora-clang, r-devel-linux-x86_64-fedora-gcc