Last updated on 2024-07-17 20:57:12 CEST.
Flavor | Version | Tinstall | Tcheck | Ttotal | Status | Flags |
---|---|---|---|---|---|---|
r-devel-linux-x86_64-debian-clang | 3.2-11 | 42.90 | 557.14 | 600.04 | NOTE | |
r-devel-linux-x86_64-debian-gcc | 3.3-1 | 38.21 | 392.57 | 430.78 | NOTE | |
r-devel-linux-x86_64-fedora-clang | 3.3-1 | 630.31 | NOTE | |||
r-devel-linux-x86_64-fedora-gcc | 3.3-1 | 719.25 | NOTE | |||
r-devel-windows-x86_64 | 3.2-11 | 49.00 | 486.00 | 535.00 | NOTE | |
r-patched-linux-x86_64 | 3.2-11 | 66.94 | 527.24 | 594.18 | NOTE | |
r-release-linux-x86_64 | 3.2-11 | 45.70 | 523.91 | 569.61 | NOTE | |
r-release-macos-arm64 | 3.2-11 | 181.00 | NOTE | |||
r-release-macos-x86_64 | 3.3-1 | 474.00 | NOTE | |||
r-release-windows-x86_64 | 3.3-1 | 39.00 | 462.00 | 501.00 | NOTE | |
r-oldrel-macos-arm64 | 3.2-11 | 181.00 | NOTE | |||
r-oldrel-macos-x86_64 | 3.3-1 | 426.00 | NOTE | |||
r-oldrel-windows-x86_64 | 3.2-11 | 62.00 | 602.00 | 664.00 | NOTE |
Version: 3.2-11
Check: package dependencies
Result: NOTE
Depends: includes the non-default packages:
'spatstat.data', 'spatstat.geom', 'spatstat.random',
'spatstat.explore', 'nlme', 'rpart'
Adding so many packages to the search path is excessive and importing
selectively is preferable.
Flavors: r-devel-linux-x86_64-debian-clang, r-devel-windows-x86_64, r-patched-linux-x86_64, r-release-linux-x86_64, r-release-macos-arm64, r-oldrel-macos-arm64, r-oldrel-windows-x86_64
Version: 3.3-1
Check: package dependencies
Result: NOTE
Depends: includes the non-default packages:
'spatstat.data', 'spatstat.univar', 'spatstat.geom',
'spatstat.random', 'spatstat.explore', 'nlme', 'rpart'
Adding so many packages to the search path is excessive and importing
selectively is preferable.
Flavors: r-devel-linux-x86_64-debian-gcc, r-devel-linux-x86_64-fedora-clang, r-devel-linux-x86_64-fedora-gcc, r-release-macos-x86_64, r-release-windows-x86_64, r-oldrel-macos-x86_64
Version: 3.2-11
Check: Rd cross-references
Result: NOTE
Found the following Rd file(s) with Rd \link{} targets missing package
anchors:
AreaInter.Rd: Fest, ragsAreaInter, rmh
DiggleGatesStibbard.Rd: rDGS
Extract.influence.ppm.Rd: [.ppp
Extract.leverage.ppm.Rd: [.im
Gcom.Rd: quadscheme, spatstat.options, fv.object, Gest
Gres.Rd: fv.object, Gest
Kcom.Rd: Kest, quadscheme, fv.object
Kmodel.Rd: Kest, pcf
Kmodel.kppm.Rd: Kest, pcf
Kmodel.ppm.Rd: Kest, pcf
Kres.Rd: fv.object, Kest
MultiHard.Rd: ragsMultiHard, rmh
Smooth.msr.Rd: density.ppp, Smooth
Window.ppm.Rd: Window, owin.object, Window.ppp, Window.psp
addvar.Rd: rhohat, rho2hat
anova.ppm.Rd: quadscheme, reach
as.fv.kppm.Rd: fv.object, plot.fv
as.layered.msr.Rd: as.layered, layered
as.owin.ppm.Rd: owin.object, rmh, layered
auc.Rd: roc
berman.test.Rd: plot.bermantest, cdf.test, quadrat.test
cauchy.estK.Rd: Kest, rCauchy
cauchy.estpcf.Rd: pcf.ppp, pcf, rCauchy
cdf.test.Rd: ewcdf, plot.cdftest, quadrat.test, berman.test
cdf.test.mppm.Rd: cdf.test, hyperframe, ewcdf, quadrat.test
closepaircounts.Rd: closepairs
clusterfit.Rd: Kest, pcf, Kinhom, pcfinhom
clusterkernel.kppm.Rd: clusterfield
clusterradius.kppm.Rd: clusterkernel
compareFit.Rd: collapse.fv
data.ppm.Rd: ppp.object
detpointprocfamilyfun.Rd: fourierbasis
diagnose.ppm.Rd: density.ppp
domain.ppm.Rd: Window, Frame
dppm.Rd: Kest, Kinhom, pcf, pcfinhom
dummy.ppm.Rd: ppp.object
effectfun.Rd: fv.object
emend.ppm.Rd: spatstat.options
emend.slrm.Rd: spatstat.options
envelope.Rd: envelope.pp3, envelope.envelope, rlabel, mad.test,
plot.envelope, rmh, with.fv, plot.fv, pool.envelope, fv.object,
lohboot, varblock, Kest, Gest, pcf, dclf.test, Fest, Jest, ppp,
default.expand
formula.ppm.Rd: as.owin
harmonise.msr.Rd: harmonise
influence.ppm.Rd: as.owin, domain, shift, Smooth
intensity.ppm.Rd: intensity, intensity.ppp
intensity.slrm.Rd: intensity
is.marked.ppm.Rd: is.marked, is.marked.ppp
is.multitype.ppm.Rd: is.multitype, is.multitype.ppp
is.stationary.ppm.Rd: is.marked
kppm.Rd: rVarGamma, rLGCP, Kest, Kinhom, pcf, pcfinhom, rCauchy
leverage.ppm.Rd: as.owin, domain, Smooth
lgcp.estK.Rd: Kest
lgcp.estpcf.Rd: pcf.ppp, pcf
logLik.ppm.Rd: as.owin
matclust.estK.Rd: Kest, rMatClust
matclust.estpcf.Rd: pcf.ppp, pcf, rMatClust
methods.fii.Rd: reach
mincontrast.Rd: fv.object, Kest
model.images.Rd: spatstat.options, hyperframe, im, im.object,
plot.solist
mppm.Rd: hyperframe, lme
msr.Rd: quadscheme
panel.contour.Rd: contour.im, plot.im, pairs.im, density.ppp
parres.Rd: rhohat, rho2hat
plot.dppm.Rd: plot.fv
plot.influence.ppm.Rd: plot.ppp
plot.kppm.Rd: plot.fv, clusterfield, plot.im
plot.leverage.ppm.Rd: plot.im, contour.im, persp.im
plot.mppm.Rd: plot.anylist, plot.listof
plot.msr.Rd: Smooth.ppp, plot.im, plot.ppp
plot.plotppm.Rd: plot.ppp, spatstat.options
plot.ppm.Rd: spatstat.options
plot.rppm.Rd: plot.im
plot.slrm.Rd: plot.im
ppm.Rd: im.object, as.function.tess, ppp, quadscheme
ppm.object.Rd: as.owin, berman.test, envelope, is.marked,
is.multitype, is.poisson, is.stationary, cdf.test, quadrat.test,
reach, rmhmodel, rmh, unitname
ppm.ppp.Rd: gam.control, rmh, im.object, quad.object, ppp.object,
default.dummy, quadscheme, pixelquad, rescale, ppp
predict.mppm.Rd: hyperframe
predict.ppm.Rd: spatstat.options, im.object
predict.slrm.Rd: pixellate
psst.Rd: quadscheme, fv.object
psstA.Rd: quadscheme, fv.object, spatstat.options
psstG.Rd: quadscheme, fv.object
qqplot.ppm.Rd: rmh, rmh.default, envelope, rmhcontrol
quad.ppm.Rd: quad.object
quadrat.test.Rd: quadratcount, as.tess, quadrat.test.splitppp,
quadrats, quadratresample, cdf.test
quadrat.test.mppm.Rd: quadratcount, quadrat.test
reach.Rd: rStrauss
relrisk.ppm.Rd: relrisk, relrisk.ppp
residuals.ppm.Rd: quadscheme
rhohat.Rd: intensity.quadratcount, quadratcount, rho2hat,
methods.rhohat
rmh.ppm.Rd: rmhstart, rmhcontrol, rmh.default, rmh,
update.rmhcontrol, default.rmhcontrol, rpoispp, rmpoispp, rpoint,
rmpoint, ppp.object, rmhmodel
rmhmodel.ppm.Rd: rmhcontrol, rmhmodel, rmh, as.owin, rmhmodel.list,
rmhmodel.default, rmhstart
roc.Rd: auc
simulate.dppm.Rd: as.boxx
simulate.kppm.Rd: rThomas, rMatClust, rCauchy, rVarGamma, rLGCP
simulate.ppm.Rd: rmhstart, rmhcontrol, rmh.default
simulate.slrm.Rd: rpoispp
split.msr.Rd: split.ppp
thomas.estK.Rd: Kest, rThomas
thomas.estpcf.Rd: pcf.ppp, pcf, rThomas
unitname.Rd: rescale, compatible, owin, ppp
unstack.msr.Rd: unstack.ppp
vargamma.estK.Rd: Kest, rVarGamma
vargamma.estpcf.Rd: pcf.ppp, pcf, rVarGamma
vcov.ppm.Rd: quadscheme.logi
Please provide package anchors for all Rd \link{} targets not in the
package itself and the base packages.
Flavor: r-devel-windows-x86_64