Last updated on 2024-07-17 20:57:12 CEST.
Flavor | Version | Tinstall | Tcheck | Ttotal | Status | Flags |
---|---|---|---|---|---|---|
r-devel-linux-x86_64-debian-clang | 3.1-5 | 33.95 | 249.64 | 283.59 | OK | |
r-devel-linux-x86_64-debian-gcc | 3.2-1 | 23.73 | 177.72 | 201.45 | NOTE | |
r-devel-linux-x86_64-fedora-clang | 3.2-1 | 341.21 | NOTE | |||
r-devel-linux-x86_64-fedora-gcc | 3.2-1 | 344.29 | NOTE | |||
r-devel-windows-x86_64 | 3.1-5 | 35.00 | 231.00 | 266.00 | NOTE | |
r-patched-linux-x86_64 | 3.1-5 | 36.51 | 241.91 | 278.42 | OK | |
r-release-linux-x86_64 | 3.1-5 | 18.02 | 229.51 | 247.53 | OK | |
r-release-macos-arm64 | 3.1-5 | 86.00 | OK | |||
r-release-macos-x86_64 | 3.2-1 | 224.00 | NOTE | |||
r-release-windows-x86_64 | 3.2-1 | 28.00 | 220.00 | 248.00 | NOTE | |
r-oldrel-macos-arm64 | 3.1-5 | 87.00 | OK | |||
r-oldrel-macos-x86_64 | 3.2-1 | 263.00 | NOTE | |||
r-oldrel-windows-x86_64 | 3.1-5 | 44.00 | 277.00 | 321.00 | OK |
Version: 3.2-1
Check: package dependencies
Result: NOTE
Depends: includes the non-default packages:
'spatstat.data', 'spatstat.univar', 'spatstat.geom',
'spatstat.random', 'spatstat.explore', 'spatstat.model'
Adding so many packages to the search path is excessive and importing
selectively is preferable.
Flavors: r-devel-linux-x86_64-debian-gcc, r-devel-linux-x86_64-fedora-clang, r-devel-linux-x86_64-fedora-gcc, r-release-macos-x86_64, r-release-windows-x86_64, r-oldrel-macos-x86_64
Version: 3.1-5
Check: Rd cross-references
Result: NOTE
Found the following Rd file(s) with Rd \link{} targets missing package
anchors:
Extract.lpp.Rd: unmark
Replace.linim.Rd: as.ppp, [<-.im
Smooth.lpp.Rd: Smooth
affine.linnet.Rd: unitname<-, affine, shift, rotate, rescale,
scalardilate
affine.lpp.Rd: unitname<-, affine, shift, rotate, rescale,
scalardilate
as.linim.Rd: as.im
as.linnet.psp.Rd: selfcut.psp
auc.lpp.Rd: roc
berman.test.lpp.Rd: plot.bermantest
bw.lppl.Rd: bw.scott, bw.ppl
cdf.test.lpp.Rd: ewcdf, plot.cdftest
clickjoin.Rd: identify.ppp, clickppp
clicklpp.Rd: clickppp, clickpoly, clickbox, clickdist
crossdist.lpp.Rd: crossdist, crossdist.ppp, pairdist, nndist
crossing.linnet.Rd: crossing.psp
data.lppm.Rd: data.ppm
delaunayNetwork.Rd: delaunay, dirichlet, delaunayDistance
density.lpp.Rd: bw.scott.iso, dkernel
densityEqualSplit.Rd: bw.scott.iso, dkernel
densityHeat.lpp.Rd: bw.scott.iso, spatstat.options
densityQuick.lpp.Rd: bw.scott.iso, bw.scott
densityVoronoi.lpp.Rd: densityVoronoi
diameter.linnet.Rd: boundingradius, diameter
distfun.lpp.Rd: distfun
distmap.lpp.Rd: distmap
envelope.lpp.Rd: envelope
eval.linim.Rd: eval.im
fitted.lppm.Rd: ppm, dfbetas.ppm
heatkernelapprox.Rd: hotrod
integral.linim.Rd: integral.im
intensity.lpp.Rd: intensity, intensity.ppp
linearK.Rd: compileK
linearKEuclidInhom.Rd: update.ppm, fitted.ppm
linearKcross.Rd: Kcross, fv.object
linearKcross.inhom.Rd: Kcross.inhom, fv.object
linearKdot.Rd: Kdot, fv.object
linearKdot.inhom.Rd: Kdot.inhom, fv.object
linearKinhom.Rd: update.ppm, fitted.ppm
linearmarkconnect.Rd: markconnect, fv.object
linearmarkequal.Rd: fv.object, markconnect
linearpcfEuclidInhom.Rd: update.ppm, fitted.ppm
linearpcfcross.Rd: pcfcross, fv.object
linearpcfcross.inhom.Rd: pcfcross.inhom, fv.object
linearpcfdot.Rd: pcfdot, fv.object, pcfcross
linearpcfdot.inhom.Rd: pcfdot.inhom, fv.object, pcfcross.inhom
linearpcfinhom.Rd: update.ppm, fitted.ppm
lineartileindex.Rd: tileindex
linim.Rd: im
lpp.Rd: as.ppp, methods.ppx
lppm.Rd: ppm
mean.linim.Rd: mean.im, quantile.im, quantilefun
methods.linfun.Rd: plot.im, as.owin
methods.linim.Rd: as.im, shift, scalardilate, affine
methods.linnet.Rd: unitname, as.owin, as.psp, nsegments, nvertices,
pixellate, unitname<-, vertices, volume, Window, pixellate.psp
model.frame.lppm.Rd: quad.ppm
nnfun.lpp.Rd: nnfun
pairs.linim.Rd: pairs.im
plot.linim.Rd: plot.im, dilation.owin, nearestValue
plot.linnet.Rd: plot.psp, plot.ppp
plot.lintess.Rd: plot.im, plot.colourmap
plot.lpp.Rd: plot.ppp, plot.symbolmap, symbolmap
points.lpp.Rd: plot.ppp
rThomaslpp.Rd: rpoisppOnLines
rcelllpp.Rd: rcellnumber
relrisk.lpp.Rd: relrisk
rpoislpp.Rd: rpoisppOnLines
runiflpp.Rd: runifpointOnLines
superimpose.lpp.Rd: superimpose
Please provide package anchors for all Rd \link{} targets not in the
package itself and the base packages.
Flavor: r-devel-windows-x86_64