Last updated on 2024-07-17 20:57:12 CEST.
Flavor | Version | Tinstall | Tcheck | Ttotal | Status | Flags |
---|---|---|---|---|---|---|
r-devel-linux-x86_64-debian-clang | 3.0-8 | 11.26 | 193.89 | 205.15 | NOTE | |
r-devel-linux-x86_64-debian-gcc | 3.1-1 | 7.85 | 146.57 | 154.42 | NOTE | |
r-devel-linux-x86_64-fedora-clang | 3.1-1 | 255.48 | NOTE | |||
r-devel-linux-x86_64-fedora-gcc | 3.1-1 | 267.74 | NOTE | |||
r-devel-windows-x86_64 | 3.0-8 | 9.00 | 220.00 | 229.00 | NOTE | |
r-patched-linux-x86_64 | 3.0-8 | 7.09 | 185.60 | 192.69 | NOTE | |
r-release-linux-x86_64 | 3.0-8 | 6.43 | 188.02 | 194.45 | NOTE | |
r-release-macos-arm64 | 3.0-8 | 87.00 | NOTE | |||
r-release-macos-x86_64 | 3.1-1 | 207.00 | NOTE | |||
r-release-windows-x86_64 | 3.1-1 | 8.00 | 210.00 | 218.00 | NOTE | |
r-oldrel-macos-arm64 | 3.0-8 | 106.00 | NOTE | |||
r-oldrel-macos-x86_64 | 3.1-1 | 268.00 | NOTE | |||
r-oldrel-windows-x86_64 | 3.0-8 | 12.00 | 223.00 | 235.00 | NOTE |
Version: 3.0-8
Check: package dependencies
Result: NOTE
Depends: includes the non-default packages:
'spatstat.data', 'spatstat.geom', 'spatstat.random',
'spatstat.explore', 'spatstat.model', 'spatstat.linnet'
Adding so many packages to the search path is excessive and importing
selectively is preferable.
Flavors: r-devel-linux-x86_64-debian-clang, r-devel-windows-x86_64, r-patched-linux-x86_64, r-release-linux-x86_64, r-release-macos-arm64, r-oldrel-macos-arm64, r-oldrel-windows-x86_64
Version: 3.1-1
Check: package dependencies
Result: NOTE
Depends: includes the non-default packages:
'spatstat.data', 'spatstat.univar', 'spatstat.geom',
'spatstat.random', 'spatstat.explore', 'spatstat.model',
'spatstat.linnet'
Adding so many packages to the search path is excessive and importing
selectively is preferable.
Flavors: r-devel-linux-x86_64-debian-gcc, r-devel-linux-x86_64-fedora-clang, r-devel-linux-x86_64-fedora-gcc, r-release-macos-x86_64, r-release-windows-x86_64, r-oldrel-macos-x86_64
Version: 3.1-1
Check: installed package size
Result: NOTE
installed size is 5.2Mb
sub-directories of 1Mb or more:
doc 4.5Mb
Flavors: r-devel-linux-x86_64-fedora-clang, r-release-macos-x86_64, r-release-windows-x86_64, r-oldrel-macos-x86_64
Version: 3.0-8
Check: installed package size
Result: NOTE
installed size is 5.5Mb
sub-directories of 1Mb or more:
doc 4.8Mb
Flavors: r-devel-windows-x86_64, r-release-macos-arm64, r-oldrel-macos-arm64, r-oldrel-windows-x86_64