Last updated on 2024-07-17 20:57:12 CEST.
Flavor | Version | Tinstall | Tcheck | Ttotal | Status | Flags |
---|---|---|---|---|---|---|
r-devel-linux-x86_64-debian-clang | 3.2-7 | 56.56 | 456.34 | 512.90 | OK | |
r-devel-linux-x86_64-debian-gcc | 3.3-1 | 48.72 | 314.39 | 363.11 | OK | |
r-devel-linux-x86_64-fedora-clang | 3.3-1 | 602.50 | OK | |||
r-devel-linux-x86_64-fedora-gcc | 3.3-1 | 620.28 | OK | |||
r-devel-windows-x86_64 | 3.2-7 | 60.00 | 408.00 | 468.00 | NOTE | |
r-patched-linux-x86_64 | 3.2-7 | 73.45 | 434.86 | 508.31 | OK | |
r-release-linux-x86_64 | 3.2-7 | 57.49 | 445.02 | 502.51 | OK | |
r-release-macos-arm64 | 3.2-7 | 145.00 | OK | |||
r-release-macos-x86_64 | 3.3-1 | 382.00 | NOTE | |||
r-release-windows-x86_64 | 3.3-1 | 51.00 | 365.00 | 416.00 | OK | |
r-oldrel-macos-arm64 | 3.2-7 | 156.00 | OK | |||
r-oldrel-macos-x86_64 | 3.3-1 | 340.00 | NOTE | |||
r-oldrel-windows-x86_64 | 3.2-7 | 75.00 | 510.00 | 585.00 | OK |
Version: 3.2-7
Check: Rd cross-references
Result: NOTE
Found the following Rd file(s) with Rd \link{} targets missing package
anchors:
Emark.Rd: as.ppp
F3est.Rd: spatstat.options, pp3
Fest.Rd: as.ppp, ppp.object, as.owin
Finhom.Rd: as.ppp
FmultiInhom.Rd: [.ppp
G3est.Rd: pp3
Gcross.Rd: as.ppp
Gdot.Rd: as.ppp
Gest.Rd: as.ppp, ppp.object, as.owin, nndist, nnwhich
Ginhom.Rd: as.ppp
Gmulti.Rd: as.ppp
GmultiInhom.Rd: [.ppp
Hest.Rd: distmap
Iest.Rd: as.ppp, ppp.object
Jcross.Rd: as.ppp
Jdot.Rd: as.ppp
Jest.Rd: as.ppp, ppp.object
Jinhom.Rd: as.ppp
Jmulti.Rd: as.ppp
K3est.Rd: pp3
Kcross.Rd: as.ppp
Kcross.inhom.Rd: as.ppp
Kdot.Rd: as.ppp
Kdot.inhom.Rd: as.ppp
Kest.Rd: as.ppp, ppp.object, as.owin
Kest.fft.Rd: as.ppp, spatstat.options
Kinhom.Rd: as.ppp
Kmark.Rd: as.ppp
Kmeasure.Rd: as.ppp, integral.im, im.object, spatstat.options
Kmulti.Rd: as.ppp
Kmulti.inhom.Rd: as.ppp
Kscaled.Rd: as.ppp
Ksector.Rd: as.ppp
Lest.Rd: as.ppp
Linhom.Rd: as.ppp
Smooth.ppp.Rd: ppp.object, nnmark, im.object
Smoothfun.ppp.Rd: as.im
Tstat.Rd: as.ppp
Window.quadrattest.Rd: Window, owin.object, Window.ppp, Window.psp
adaptive.density.Rd: im.object
allstats.Rd: plot.solist
as.owin.quadrattest.Rd: owin.object, rmh, layered
as.tess.Rd: quadratcount, tess
blur.Rd: interp.im
bw.frac.Rd: as.owin
cdf.test.Rd: ewcdf
clarkevans.Rd: nndist
compatible.fasp.Rd: compatible
compatible.fv.Rd: compatible
density.ppp.Rd: pixellate.ppp, ppp.object, im.object
density.psp.Rd: pixellate.psp, psp.object, im.object
density.splitppp.Rd: split.ppp, ppp.object, im.object
densityAdaptiveKernel.splitppp.Rd: split.ppp
densityVoronoi.Rd: as.im, dirichlet, im.object
densityfun.Rd: as.im, as.ppp
distcdf.Rd: as.im, setcov, imcov
domain.quadrattest.Rd: Window, Frame
edge.Trans.Rd: overlap.owin, setcov
envelope.Rd: rlabel, rmh, ppp, default.expand
envelope.pp3.Rd: pp3, rpoispp3
fryplot.Rd: as.ppp
harmonise.fv.Rd: harmonise
hopskel.Rd: nndist, nncross
idw.Rd: ppp.object, im.object, nnmark
markconnect.Rd: as.ppp
markcorr.Rd: as.ppp
markcrosscorr.Rd: as.ppp
markmarkscatter.Rd: plot.ppp, colourmap, symbolmap
marktable.Rd: markstat, applynbd, ppp.object
markvario.Rd: as.ppp
miplot.Rd: as.ppp, quadratcount
nnclean.Rd: nndist, split.ppp, cut.ppp
nncorr.Rd: is.marked.ppp
nndensity.Rd: nnmap, intensity
pairs.im.Rd: plot.im, im
panel.contour.Rd: contour.im, plot.im
pcf.ppp.Rd: as.owin, closepairs
pcf3est.Rd: pp3
pcfinhom.Rd: closepairs
plot.fv.Rd: spatstat.options
plot.laslett.Rd: plot.solist, plot.owin, plot.im, plot.ppp
plot.quadrattest.Rd: plot.tess, plot.quadratcount
plot.scan.test.Rd: plot.im
pool.anylist.Rd: anylist
quadrat.test.Rd: quadratcount, as.tess, quadrats, quadratresample
quadrat.test.splitppp.Rd: quadratcount, quadrats, quadratresample
quantile.density.Rd: quantile.ewcdf
radcumint.Rd: shift.owin
rat.Rd: compatible
rectcontact.Rd: rectdistmap
relrisk.ppp.Rd: eval.im
rhohat.Rd: intensity.quadratcount, quadratcount
rotmean.Rd: shift.owin
segregation.test.Rd: rlabel
spatcov.Rd: imcov, setcov
spatialcdf.Rd: ewcdf
spatstat.explore-deprecated.Rd: im.apply
stieltjes.Rd: ewcdf
stienen.Rd: plot.ppp, nndist
transect.im.Rd: im
varblock.Rd: tess, quadrats
Please provide package anchors for all Rd \link{} targets not in the
package itself and the base packages.
Flavor: r-devel-windows-x86_64
Version: 3.3-1
Check: installed package size
Result: NOTE
installed size is 5.0Mb
sub-directories of 1Mb or more:
R 2.1Mb
help 2.1Mb
Flavors: r-release-macos-x86_64, r-oldrel-macos-x86_64