CRAN Package Check Results for Package spatstat.data

Last updated on 2022-12-02 20:53:26 CET.

Flavor Version Tinstall Tcheck Ttotal Status Flags
r-devel-linux-x86_64-debian-clang 3.0-0 11.30 90.06 101.36 OK
r-devel-linux-x86_64-debian-gcc 3.0-0 8.85 69.53 78.38 OK
r-devel-linux-x86_64-fedora-clang 3.0-0 135.11 OK
r-devel-linux-x86_64-fedora-gcc 3.0-0 132.13 OK
r-devel-windows-x86_64 3.0-0 95.00 144.00 239.00 OK
r-patched-linux-x86_64 3.0-0 10.72 84.52 95.24 OK
r-release-linux-x86_64 3.0-0 10.58 87.38 97.96 OK
r-release-macos-arm64 3.0-0 44.00 NOTE
r-release-macos-x86_64 3.0-0 64.00 NOTE
r-release-windows-x86_64 3.0-0 108.00 139.00 247.00 OK
r-oldrel-macos-arm64 3.0-0 47.00 NOTE
r-oldrel-macos-x86_64 3.0-0 66.00 NOTE
r-oldrel-windows-ix86+x86_64 3.0-0 20.00 124.00 144.00 OK

Check Details

Version: 3.0-0
Check: package dependencies
Result: NOTE
    Packages suggested but not available for checking:
     'spatstat.explore', 'spatstat.model'
Flavors: r-release-macos-arm64, r-release-macos-x86_64, r-oldrel-macos-arm64, r-oldrel-macos-x86_64

Version: 3.0-0
Check: Rd cross-references
Result: NOTE
    Package unavailable to check Rd xrefs: ‘spatstat.model’
Flavors: r-release-macos-arm64, r-release-macos-x86_64, r-oldrel-macos-arm64, r-oldrel-macos-x86_64